Last updated on 2025-05-17 15:50:46 CEST.
Flavor | Version | Tinstall | Tcheck | Ttotal | Status | Flags |
---|---|---|---|---|---|---|
r-devel-linux-x86_64-debian-clang | 0.5.3 | 33.57 | 159.42 | 192.99 | NOTE | |
r-devel-linux-x86_64-debian-gcc | 0.5.3 | 22.73 | 110.99 | 133.72 | NOTE | |
r-devel-linux-x86_64-fedora-clang | 0.5.3 | 328.74 | OK | |||
r-devel-linux-x86_64-fedora-gcc | 0.5.3 | 328.50 | OK | |||
r-devel-windows-x86_64 | 0.5.3 | 40.00 | 182.00 | 222.00 | OK | |
r-patched-linux-x86_64 | 0.5.3 | 30.82 | 151.26 | 182.08 | NOTE | |
r-release-linux-x86_64 | 0.5.3 | 32.44 | 152.20 | 184.64 | NOTE | |
r-release-macos-arm64 | 0.5.3 | 127.00 | OK | |||
r-release-macos-x86_64 | 0.5.3 | 150.00 | OK | |||
r-release-windows-x86_64 | 0.5.3 | 41.00 | 179.00 | 220.00 | OK | |
r-oldrel-macos-arm64 | 0.5.3 | 86.00 | OK | |||
r-oldrel-macos-x86_64 | 0.5.3 | 125.00 | OK | |||
r-oldrel-windows-x86_64 | 0.5.3 | 47.00 | 231.00 | 278.00 | OK |
Version: 0.5.3
Check: CRAN incoming feasibility
Result: NOTE
Maintainer: ‘Emil Hvitfeldt <emilhhvitfeldt@gmail.com>’
The Description field contains
(2016) <arXiv:1602.04938>.
Please refer to arXiv e-prints via their arXiv DOI <doi:10.48550/arXiv.YYMM.NNNNN>.
Flavors: r-devel-linux-x86_64-debian-clang, r-devel-linux-x86_64-debian-gcc
Version: 0.5.3
Check: for unstated dependencies in ‘demo’
Result: NOTE
'library' or 'require' calls not declared from:
‘data.table’ ‘magrittr’ ‘purrr’
Flavors: r-devel-linux-x86_64-debian-clang, r-devel-linux-x86_64-debian-gcc, r-patched-linux-x86_64, r-release-linux-x86_64
These binaries (installable software) and packages are in development.
They may not be fully stable and should be used with caution. We make no claims about them.
Health stats visible at Monitor.