Last updated on 2025-02-02 05:48:27 CET.
Flavor | Version | Tinstall | Tcheck | Ttotal | Status | Flags |
---|---|---|---|---|---|---|
r-devel-linux-x86_64-debian-clang | 4.5.0 | 450.52 | 141.46 | 591.98 | NOTE | |
r-devel-linux-x86_64-debian-gcc | 4.5.0 | 372.78 | 104.56 | 477.34 | NOTE | |
r-devel-linux-x86_64-fedora-clang | 4.5.0 | 1417.16 | NOTE | |||
r-devel-linux-x86_64-fedora-gcc | 4.5.0 | 1366.73 | NOTE | |||
r-devel-windows-x86_64 | 4.5.0 | 498.00 | 186.00 | 684.00 | OK | |
r-patched-linux-x86_64 | 4.5.0 | 529.59 | 155.91 | 685.50 | OK | |
r-release-linux-x86_64 | 4.5.0 | 527.18 | 151.92 | 679.10 | OK | |
r-release-macos-arm64 | 4.5.0 | 331.00 | NOTE | |||
r-release-macos-x86_64 | 4.5.0 | 484.00 | NOTE | |||
r-release-windows-x86_64 | 4.5.0 | 509.00 | 191.00 | 700.00 | NOTE | |
r-oldrel-macos-arm64 | 4.5.0 | 332.00 | NOTE | |||
r-oldrel-macos-x86_64 | 4.5.0 | 467.00 | NOTE | |||
r-oldrel-windows-x86_64 | 4.5.0 | 434.00 | 221.00 | 655.00 | NOTE |
Version: 4.5.0
Check: top-level files
Result: NOTE
possible bashism in configure.ac line 63 (should be VAR="${VAR}foo"):
LGB_CPPFLAGS+=" -DMM_PREFETCH=1"
possible bashism in configure.ac line 89 (should be VAR="${VAR}foo"):
LGB_CPPFLAGS+=" -DMM_MALLOC=1"
Flavors: r-devel-linux-x86_64-debian-clang, r-devel-linux-x86_64-debian-gcc, r-devel-linux-x86_64-fedora-clang, r-devel-linux-x86_64-fedora-gcc
Version: 4.5.0
Check: installed package size
Result: NOTE
installed size is 68.5Mb
sub-directories of 1Mb or more:
libs 67.8Mb
Flavors: r-release-macos-arm64, r-release-macos-x86_64, r-release-windows-x86_64, r-oldrel-macos-arm64, r-oldrel-macos-x86_64, r-oldrel-windows-x86_64
These binaries (installable software) and packages are in development.
They may not be fully stable and should be used with caution. We make no claims about them.
Health stats visible at Monitor.