Last updated on 2025-02-23 19:51:09 CET.
Flavor | Version | Tinstall | Tcheck | Ttotal | Status | Flags |
---|---|---|---|---|---|---|
r-devel-linux-x86_64-debian-clang | 0.1.1 | 2.00 | 33.98 | 35.98 | NOTE | |
r-devel-linux-x86_64-debian-gcc | 0.1.1 | 1.40 | 27.36 | 28.76 | NOTE | |
r-devel-linux-x86_64-fedora-clang | 0.1.1 | 56.33 | NOTE | |||
r-devel-linux-x86_64-fedora-gcc | 0.1.1 | 54.64 | NOTE | |||
r-devel-macos-arm64 | 0.1.1 | 25.00 | NOTE | |||
r-devel-macos-x86_64 | 0.1.1 | 40.00 | NOTE | |||
r-devel-windows-x86_64 | 0.1.1 | 3.00 | 65.00 | 68.00 | NOTE | |
r-patched-linux-x86_64 | 0.1.1 | 2.57 | 32.68 | 35.25 | NOTE | |
r-release-linux-x86_64 | 0.1.1 | 1.93 | 32.29 | 34.22 | NOTE | |
r-release-macos-arm64 | 0.1.1 | 24.00 | NOTE | |||
r-release-macos-x86_64 | 0.1.1 | 33.00 | NOTE | |||
r-release-windows-x86_64 | 0.1.1 | 3.00 | 62.00 | 65.00 | NOTE | |
r-oldrel-macos-arm64 | 0.1.1 | 25.00 | NOTE | |||
r-oldrel-macos-x86_64 | 0.1.1 | 35.00 | NOTE | |||
r-oldrel-windows-x86_64 | 0.1.1 | 3.00 | 69.00 | 72.00 | NOTE |
Version: 0.1.1
Check: Rd files
Result: NOTE
checkRd: (-1) fluxtower.Rd:10: Lost braces; missing escapes or markup?
10 | \item{\code{FCO2}}{double Canopy CO2 flux (mu mol m$^{-2}$ s$^{-1}$)}
| ^
checkRd: (-1) fluxtower.Rd:10: Lost braces; missing escapes or markup?
10 | \item{\code{FCO2}}{double Canopy CO2 flux (mu mol m$^{-2}$ s$^{-1}$)}
| ^
checkRd: (-1) fluxtower.Rd:11: Lost braces; missing escapes or markup?
11 | \item{\code{FH2O}}{double Canopy H2O flux (mmol m$^{-2}$ s$^{-1}$)}
| ^
checkRd: (-1) fluxtower.Rd:11: Lost braces; missing escapes or markup?
11 | \item{\code{FH2O}}{double Canopy H2O flux (mmol m$^{-2}$ s$^{-1}$)}
| ^
checkRd: (-1) fluxtower.Rd:12: Lost braces; missing escapes or markup?
12 | \item{\code{ustar}}{double Roughness length (m s$^{-1}$)}
| ^
checkRd: (-1) fluxtower.Rd:16: Lost braces; missing escapes or markup?
16 | \item{\code{Rain}}{integer Rainfall (mm half hour$^{-1}$)}
| ^
checkRd: (-1) hfemet2008.Rd:14: Lost braces; missing escapes or markup?
14 | \item{\code{PAR}}{double Photosynthetically active radiation (mu mol m$^{-2}$ s$^{-1}$)}
| ^
checkRd: (-1) hfemet2008.Rd:14: Lost braces; missing escapes or markup?
14 | \item{\code{PAR}}{double Photosynthetically active radiation (mu mol m$^{-2}$ s$^{-1}$)}
| ^
checkRd: (-1) hfemet2008.Rd:16: Lost braces; missing escapes or markup?
16 | \item{\code{wind}}{double Wind speed (m s$^{-1}$)}
| ^
checkRd: (-1) hydro.Rd:17: Escaped LaTeX specials: \&
checkRd: (-1) treecanopy.Rd:14: Lost braces; missing escapes or markup?
14 | \item{\code{LMA}}{double Leaf mass per area (g m$^{-2}$)}
| ^
checkRd: (-1) treecanopy.Rd:15: Lost braces; missing escapes or markup?
15 | \item{\code{narea}}{double Nitrogen per area (gN m$^{-2}$)}
| ^
Flavors: r-devel-linux-x86_64-debian-clang, r-devel-linux-x86_64-debian-gcc, r-devel-linux-x86_64-fedora-clang, r-devel-linux-x86_64-fedora-gcc, r-devel-macos-arm64, r-devel-macos-x86_64, r-devel-windows-x86_64, r-patched-linux-x86_64, r-release-linux-x86_64, r-release-macos-arm64, r-release-macos-x86_64, r-release-windows-x86_64
Version: 0.1.1
Check: Rd files
Result: NOTE
checkRd: (-1) hydro.Rd:17: Escaped LaTeX specials: \&
Flavors: r-oldrel-macos-arm64, r-oldrel-macos-x86_64, r-oldrel-windows-x86_64
These binaries (installable software) and packages are in development.
They may not be fully stable and should be used with caution. We make no claims about them.
Health stats visible at Monitor.