Last updated on 2025-10-10 07:50:22 CEST.
Flavor | Version | Tinstall | Tcheck | Ttotal | Status | Flags |
---|---|---|---|---|---|---|
r-devel-linux-x86_64-debian-clang | 1.2.4 | 499.01 | 243.01 | 742.02 | ERROR | |
r-devel-linux-x86_64-debian-gcc | 1.2.4 | 469.65 | 204.54 | 674.19 | ERROR | |
r-devel-linux-x86_64-fedora-clang | 1.2.4 | 1162.85 | ERROR | |||
r-devel-linux-x86_64-fedora-gcc | 1.2.4 | 1468.48 | ERROR | |||
r-devel-windows-x86_64 | 1.2.4 | 544.00 | 283.00 | 827.00 | ERROR | |
r-patched-linux-x86_64 | 1.2.4 | 557.20 | 282.19 | 839.39 | ERROR | |
r-release-linux-x86_64 | 1.2.4 | 570.08 | 281.97 | 852.05 | ERROR | |
r-release-macos-arm64 | 1.2.4 | 282.00 | NOTE | |||
r-release-macos-x86_64 | 1.2.4 | 406.00 | NOTE | |||
r-release-windows-x86_64 | 1.2.4 | 538.00 | 274.00 | 812.00 | ERROR | |
r-oldrel-macos-arm64 | 1.2.4 | 158.00 | NOTE | |||
r-oldrel-macos-x86_64 | 1.2.4 | 192.00 | NOTE | |||
r-oldrel-windows-x86_64 | 1.2.4 | 608.00 | 361.00 | 969.00 | ERROR |
Version: 1.2.4
Check: Rd files
Result: NOTE
checkRd: (-1) prior_to_num.Rd:13: Lost braces; missing escapes or markup?
13 | {'uniform', 'normal', 'student-t', 'gamma', 'inv-gamma', 'log-normal'}
| ^
Flavors: r-devel-linux-x86_64-debian-clang, r-devel-linux-x86_64-debian-gcc, r-devel-linux-x86_64-fedora-clang, r-devel-linux-x86_64-fedora-gcc, r-devel-windows-x86_64, r-patched-linux-x86_64, r-release-linux-x86_64, r-release-macos-arm64, r-release-macos-x86_64, r-release-windows-x86_64, r-oldrel-macos-arm64, r-oldrel-macos-x86_64, r-oldrel-windows-x86_64
Version: 1.2.4
Check: tests
Result: ERROR
Running ‘testthat.R’ [58s/70s]
Running the tests in ‘tests/testthat.R’ failed.
Complete output:
> # Short tests
> # - focus on testing that everything runs
> # - should take less than minute
> library(testthat)
> library(lgpr)
Attached lgpr 1.2.4, using rstan 2.32.7. Type ?lgpr to get started.
>
> test_check("lgpr")
[ FAIL 2 | WARN 1 | SKIP 0 | PASS 446 ]
══ Failed tests ════════════════════════════════════════════════════════════════
── Failure ('test_misc-invgamma.R:34:3'): plotting the inverse gamma distribution works ──
`c1` not equal to c("gg", "ggplot").
Lengths differ: 5 is not 2
── Failure ('test_misc-invgamma.R:35:3'): plotting the inverse gamma distribution works ──
`c2` not equal to c("gg", "ggplot").
Lengths differ: 5 is not 2
[ FAIL 2 | WARN 1 | SKIP 0 | PASS 446 ]
Error: Test failures
Execution halted
Flavor: r-devel-linux-x86_64-debian-clang
Version: 1.2.4
Check: tests
Result: ERROR
Running ‘testthat.R’ [39s/48s]
Running the tests in ‘tests/testthat.R’ failed.
Complete output:
> # Short tests
> # - focus on testing that everything runs
> # - should take less than minute
> library(testthat)
> library(lgpr)
Attached lgpr 1.2.4, using rstan 2.32.7. Type ?lgpr to get started.
>
> test_check("lgpr")
[ FAIL 2 | WARN 1 | SKIP 0 | PASS 446 ]
══ Failed tests ════════════════════════════════════════════════════════════════
── Failure ('test_misc-invgamma.R:34:3'): plotting the inverse gamma distribution works ──
`c1` not equal to c("gg", "ggplot").
Lengths differ: 5 is not 2
── Failure ('test_misc-invgamma.R:35:3'): plotting the inverse gamma distribution works ──
`c2` not equal to c("gg", "ggplot").
Lengths differ: 5 is not 2
[ FAIL 2 | WARN 1 | SKIP 0 | PASS 446 ]
Error: Test failures
Execution halted
Flavor: r-devel-linux-x86_64-debian-gcc
Version: 1.2.4
Check: tests
Result: ERROR
Running ‘testthat.R’ [96s/139s]
Running the tests in ‘tests/testthat.R’ failed.
Complete output:
> # Short tests
> # - focus on testing that everything runs
> # - should take less than minute
> library(testthat)
> library(lgpr)
Attached lgpr 1.2.4, using rstan 2.32.7. Type ?lgpr to get started.
>
> test_check("lgpr")
[ FAIL 2 | WARN 1 | SKIP 0 | PASS 446 ]
══ Failed tests ════════════════════════════════════════════════════════════════
── Failure ('test_misc-invgamma.R:34:3'): plotting the inverse gamma distribution works ──
`c1` not equal to c("gg", "ggplot").
Lengths differ: 5 is not 2
── Failure ('test_misc-invgamma.R:35:3'): plotting the inverse gamma distribution works ──
`c2` not equal to c("gg", "ggplot").
Lengths differ: 5 is not 2
[ FAIL 2 | WARN 1 | SKIP 0 | PASS 446 ]
Error: Test failures
Execution halted
Flavor: r-devel-linux-x86_64-fedora-clang
Version: 1.2.4
Check: tests
Result: ERROR
Running ‘testthat.R’ [93s/110s]
Running the tests in ‘tests/testthat.R’ failed.
Complete output:
> # Short tests
> # - focus on testing that everything runs
> # - should take less than minute
> library(testthat)
> library(lgpr)
Attached lgpr 1.2.4, using rstan 2.32.7. Type ?lgpr to get started.
>
> test_check("lgpr")
[ FAIL 2 | WARN 1 | SKIP 0 | PASS 446 ]
══ Failed tests ════════════════════════════════════════════════════════════════
── Failure ('test_misc-invgamma.R:34:3'): plotting the inverse gamma distribution works ──
`c1` not equal to c("gg", "ggplot").
Lengths differ: 5 is not 2
── Failure ('test_misc-invgamma.R:35:3'): plotting the inverse gamma distribution works ──
`c2` not equal to c("gg", "ggplot").
Lengths differ: 5 is not 2
[ FAIL 2 | WARN 1 | SKIP 0 | PASS 446 ]
Error: Test failures
Execution halted
Flavor: r-devel-linux-x86_64-fedora-gcc
Version: 1.2.4
Check: tests
Result: ERROR
Running 'testthat.R' [53s]
Running the tests in 'tests/testthat.R' failed.
Complete output:
> # Short tests
> # - focus on testing that everything runs
> # - should take less than minute
> library(testthat)
> library(lgpr)
Attached lgpr 1.2.4, using rstan 2.32.7. Type ?lgpr to get started.
>
> test_check("lgpr")
[ FAIL 2 | WARN 1 | SKIP 0 | PASS 446 ]
══ Failed tests ════════════════════════════════════════════════════════════════
── Failure ('test_misc-invgamma.R:34:3'): plotting the inverse gamma distribution works ──
`c1` not equal to c("gg", "ggplot").
Lengths differ: 5 is not 2
── Failure ('test_misc-invgamma.R:35:3'): plotting the inverse gamma distribution works ──
`c2` not equal to c("gg", "ggplot").
Lengths differ: 5 is not 2
[ FAIL 2 | WARN 1 | SKIP 0 | PASS 446 ]
Error: Test failures
Execution halted
Flavor: r-devel-windows-x86_64
Version: 1.2.4
Check: tests
Result: ERROR
Running ‘testthat.R’ [59s/68s]
Running the tests in ‘tests/testthat.R’ failed.
Complete output:
> # Short tests
> # - focus on testing that everything runs
> # - should take less than minute
> library(testthat)
> library(lgpr)
Attached lgpr 1.2.4, using rstan 2.32.7. Type ?lgpr to get started.
>
> test_check("lgpr")
[ FAIL 2 | WARN 1 | SKIP 0 | PASS 446 ]
══ Failed tests ════════════════════════════════════════════════════════════════
── Failure ('test_misc-invgamma.R:34:3'): plotting the inverse gamma distribution works ──
`c1` not equal to c("gg", "ggplot").
Lengths differ: 5 is not 2
── Failure ('test_misc-invgamma.R:35:3'): plotting the inverse gamma distribution works ──
`c2` not equal to c("gg", "ggplot").
Lengths differ: 5 is not 2
[ FAIL 2 | WARN 1 | SKIP 0 | PASS 446 ]
Error: Test failures
Execution halted
Flavor: r-patched-linux-x86_64
Version: 1.2.4
Check: tests
Result: ERROR
Running ‘testthat.R’ [58s/69s]
Running the tests in ‘tests/testthat.R’ failed.
Complete output:
> # Short tests
> # - focus on testing that everything runs
> # - should take less than minute
> library(testthat)
> library(lgpr)
Attached lgpr 1.2.4, using rstan 2.32.7. Type ?lgpr to get started.
>
> test_check("lgpr")
[ FAIL 2 | WARN 1 | SKIP 0 | PASS 446 ]
══ Failed tests ════════════════════════════════════════════════════════════════
── Failure ('test_misc-invgamma.R:34:3'): plotting the inverse gamma distribution works ──
`c1` not equal to c("gg", "ggplot").
Lengths differ: 5 is not 2
── Failure ('test_misc-invgamma.R:35:3'): plotting the inverse gamma distribution works ──
`c2` not equal to c("gg", "ggplot").
Lengths differ: 5 is not 2
[ FAIL 2 | WARN 1 | SKIP 0 | PASS 446 ]
Error: Test failures
Execution halted
Flavor: r-release-linux-x86_64
Version: 1.2.4
Check: tests
Result: ERROR
Running 'testthat.R' [52s]
Running the tests in 'tests/testthat.R' failed.
Complete output:
> # Short tests
> # - focus on testing that everything runs
> # - should take less than minute
> library(testthat)
> library(lgpr)
Attached lgpr 1.2.4, using rstan 2.32.7. Type ?lgpr to get started.
>
> test_check("lgpr")
[ FAIL 2 | WARN 1 | SKIP 0 | PASS 446 ]
══ Failed tests ════════════════════════════════════════════════════════════════
── Failure ('test_misc-invgamma.R:34:3'): plotting the inverse gamma distribution works ──
`c1` not equal to c("gg", "ggplot").
Lengths differ: 5 is not 2
── Failure ('test_misc-invgamma.R:35:3'): plotting the inverse gamma distribution works ──
`c2` not equal to c("gg", "ggplot").
Lengths differ: 5 is not 2
[ FAIL 2 | WARN 1 | SKIP 0 | PASS 446 ]
Error: Test failures
Execution halted
Flavor: r-release-windows-x86_64
Version: 1.2.4
Check: installed package size
Result: NOTE
installed size is 115.7Mb
sub-directories of 1Mb or more:
libs 114.4Mb
Flavors: r-oldrel-macos-arm64, r-oldrel-macos-x86_64, r-oldrel-windows-x86_64
Version: 1.2.4
Check: for GNU extensions in Makefiles
Result: NOTE
GNU make is a SystemRequirements.
Flavors: r-oldrel-macos-arm64, r-oldrel-macos-x86_64, r-oldrel-windows-x86_64
Version: 1.2.4
Check: tests
Result: ERROR
Running 'testthat.R' [76s]
Running the tests in 'tests/testthat.R' failed.
Complete output:
> # Short tests
> # - focus on testing that everything runs
> # - should take less than minute
> library(testthat)
> library(lgpr)
Attached lgpr 1.2.4, using rstan 2.32.7. Type ?lgpr to get started.
>
> test_check("lgpr")
[ FAIL 2 | WARN 1 | SKIP 0 | PASS 446 ]
══ Failed tests ════════════════════════════════════════════════════════════════
── Failure ('test_misc-invgamma.R:34:3'): plotting the inverse gamma distribution works ──
`c1` not equal to c("gg", "ggplot").
Lengths differ: 5 is not 2
── Failure ('test_misc-invgamma.R:35:3'): plotting the inverse gamma distribution works ──
`c2` not equal to c("gg", "ggplot").
Lengths differ: 5 is not 2
[ FAIL 2 | WARN 1 | SKIP 0 | PASS 446 ]
Error: Test failures
Execution halted
Flavor: r-oldrel-windows-x86_64
These binaries (installable software) and packages are in development.
They may not be fully stable and should be used with caution. We make no claims about them.
Health stats visible at Monitor.