Last updated on 2025-05-03 22:49:58 CEST.
Flavor | Version | Tinstall | Tcheck | Ttotal | Status | Flags |
---|---|---|---|---|---|---|
r-devel-linux-x86_64-debian-clang | 0.1.0 | 29.42 | 127.79 | 157.21 | NOTE | |
r-devel-linux-x86_64-debian-gcc | 0.1.0 | 21.31 | 92.43 | 113.74 | NOTE | |
r-devel-linux-x86_64-fedora-clang | 0.1.0 | 241.44 | NOTE | |||
r-devel-linux-x86_64-fedora-gcc | 0.1.0 | 241.55 | NOTE | |||
r-devel-windows-x86_64 | 0.1.0 | 31.00 | 147.00 | 178.00 | OK | |
r-patched-linux-x86_64 | 0.1.0 | 31.51 | 121.30 | 152.81 | OK | |
r-release-linux-x86_64 | OK | |||||
r-release-macos-arm64 | 0.1.0 | 63.00 | OK | |||
r-release-macos-x86_64 | 0.1.0 | 116.00 | OK | |||
r-release-windows-x86_64 | 0.1.0 | 31.00 | 136.00 | 167.00 | OK | |
r-oldrel-macos-arm64 | 0.1.0 | 61.00 | OK | |||
r-oldrel-macos-x86_64 | 0.1.0 | 90.00 | OK | |||
r-oldrel-windows-x86_64 | 0.1.0 | 43.00 | 170.00 | 213.00 | OK |
Version: 0.1.0
Check: CRAN incoming feasibility
Result: NOTE
Maintainer: ‘Burhan Ozer Cavdar <bcavdar17@ku.edu.tr>’
The Description field contains
<arXiv:2112.06251>.
Please refer to arXiv e-prints via their arXiv DOI <doi:10.48550/arXiv.YYMM.NNNNN>.
Flavors: r-devel-linux-x86_64-debian-clang, r-devel-linux-x86_64-debian-gcc
Version: 0.1.0
Check: dependencies in R code
Result: NOTE
Namespace in Imports field not imported from: ‘R6’
All declared Imports should be used.
Flavors: r-devel-linux-x86_64-fedora-clang, r-devel-linux-x86_64-fedora-gcc
These binaries (installable software) and packages are in development.
They may not be fully stable and should be used with caution. We make no claims about them.
Health stats visible at Monitor.