Last updated on 2025-02-02 05:48:27 CET.
Flavor | Version | Tinstall | Tcheck | Ttotal | Status | Flags |
---|---|---|---|---|---|---|
r-devel-linux-x86_64-debian-clang | 0.1.0 | 1.56 | 17.80 | 19.36 | NOTE | |
r-devel-linux-x86_64-debian-gcc | 0.1.0 | 1.29 | 14.40 | 15.69 | NOTE | |
r-devel-linux-x86_64-fedora-clang | 0.1.0 | 31.87 | NOTE | |||
r-devel-linux-x86_64-fedora-gcc | 0.1.0 | 30.37 | NOTE | |||
r-devel-windows-x86_64 | 0.1.0 | 3.00 | 49.00 | 52.00 | NOTE | |
r-patched-linux-x86_64 | 0.1.0 | 1.51 | 17.09 | 18.60 | NOTE | |
r-release-linux-x86_64 | 0.1.0 | 1.53 | 17.20 | 18.73 | NOTE | |
r-release-macos-arm64 | 0.1.0 | 14.00 | NOTE | |||
r-release-macos-x86_64 | 0.1.0 | 21.00 | NOTE | |||
r-release-windows-x86_64 | 0.1.0 | 2.00 | 42.00 | 44.00 | NOTE | |
r-oldrel-macos-arm64 | 0.1.0 | 15.00 | OK | |||
r-oldrel-macos-x86_64 | 0.1.0 | 20.00 | OK | |||
r-oldrel-windows-x86_64 | 0.1.0 | 3.00 | 42.00 | 45.00 | OK |
Version: 0.1.0
Check: Rd files
Result: NOTE
checkRd: (-1) lenght.Rd:13: Lost braces; missing escapes or markup?
13 | The default method for lenght currently returns a non-negative integer of length 1, except for vectors of more than 2^{31}-1 elements, when it returns a double.
| ^
checkRd: (-1) length.Rd:13: Lost braces; missing escapes or markup?
13 | The default method for length currently returns a non-negative integer of length 1, except for vectors of more than 2^{31}-1 elements, when it returns a double.
| ^
checkRd: (-1) lenhgt.Rd:13: Lost braces; missing escapes or markup?
13 | The default method for lenhgt currently returns a non-negative integer of length 1, except for vectors of more than 2^{31}-1 elements, when it returns a double.
| ^
checkRd: (-1) lenhtg.Rd:13: Lost braces; missing escapes or markup?
13 | The default method for lenhtg currently returns a non-negative integer of length 1, except for vectors of more than 2^{31}-1 elements, when it returns a double.
| ^
checkRd: (-1) lentgh.Rd:13: Lost braces; missing escapes or markup?
13 | The default method for lentgh currently returns a non-negative integer of length 1, except for vectors of more than 2^{31}-1 elements, when it returns a double.
| ^
checkRd: (-1) lenthg.Rd:13: Lost braces; missing escapes or markup?
13 | The default method for lenthg currently returns a non-negative integer of length 1, except for vectors of more than 2^{31}-1 elements, when it returns a double.
| ^
Flavors: r-devel-linux-x86_64-debian-clang, r-devel-linux-x86_64-debian-gcc, r-devel-linux-x86_64-fedora-clang, r-devel-linux-x86_64-fedora-gcc, r-devel-windows-x86_64, r-patched-linux-x86_64, r-release-linux-x86_64, r-release-macos-arm64, r-release-macos-x86_64, r-release-windows-x86_64
These binaries (installable software) and packages are in development.
They may not be fully stable and should be used with caution. We make no claims about them.
Health stats visible at Monitor.