Last updated on 2025-05-15 13:51:04 CEST.
Flavor | Version | Tinstall | Tcheck | Ttotal | Status | Flags |
---|---|---|---|---|---|---|
r-devel-linux-x86_64-debian-clang | 0.4.3.1 | 8.65 | 114.16 | 122.81 | NOTE | |
r-devel-linux-x86_64-debian-gcc | 0.4.3.1 | 7.38 | 90.31 | 97.69 | NOTE | |
r-devel-linux-x86_64-fedora-clang | 0.4.3.1 | 221.93 | OK | |||
r-devel-linux-x86_64-fedora-gcc | 0.4.3.1 | 235.00 | OK | |||
r-devel-windows-x86_64 | 0.4.3.1 | 103.00 | 748.00 | 851.00 | OK | |
r-patched-linux-x86_64 | 0.4.3.1 | 9.55 | 109.34 | 118.89 | OK | |
r-release-linux-x86_64 | 0.4.3.1 | 8.44 | 109.80 | 118.24 | OK | |
r-release-macos-arm64 | 0.4.3.1 | 86.00 | OK | |||
r-release-macos-x86_64 | 0.4.3.1 | 144.00 | OK | |||
r-release-windows-x86_64 | 0.4.3.1 | 112.00 | 797.00 | 909.00 | OK | |
r-oldrel-macos-arm64 | 0.4.3.1 | 64.00 | NOTE | |||
r-oldrel-macos-x86_64 | 0.4.3.1 | 96.00 | NOTE | |||
r-oldrel-windows-x86_64 | 0.4.3.1 | 58.00 | 457.00 | 515.00 | NOTE |
Version: 0.4.3.1
Check: CRAN incoming feasibility
Result: NOTE
Maintainer: ‘S. Thomas Kelly <tomkellygenetics@gmail.com>’
The Description field contains
to Leiden: guaranteeing well-connected communities. <arXiv:1810.08473>.
Please refer to arXiv e-prints via their arXiv DOI <doi:10.48550/arXiv.YYMM.NNNNN>.
Flavors: r-devel-linux-x86_64-debian-clang, r-devel-linux-x86_64-debian-gcc
Version: 0.4.3.1
Check: installed package size
Result: NOTE
installed size is 5.5Mb
sub-directories of 1Mb or more:
doc 5.3Mb
Flavors: r-oldrel-macos-arm64, r-oldrel-macos-x86_64, r-oldrel-windows-x86_64
These binaries (installable software) and packages are in development.
They may not be fully stable and should be used with caution. We make no claims about them.
Health stats visible at Monitor.