Last updated on 2025-02-23 15:49:46 CET.
Flavor | Version | Tinstall | Tcheck | Ttotal | Status | Flags |
---|---|---|---|---|---|---|
r-devel-linux-x86_64-debian-clang | 1.0.0 | 3.23 | 25.05 | 28.28 | NOTE | |
r-devel-linux-x86_64-debian-gcc | 1.0.0 | 2.40 | 20.01 | 22.41 | NOTE | |
r-devel-linux-x86_64-fedora-clang | 1.0.0 | 47.91 | NOTE | |||
r-devel-linux-x86_64-fedora-gcc | 1.0.0 | 44.29 | NOTE | |||
r-devel-macos-arm64 | 1.0.0 | 18.00 | NOTE | |||
r-devel-macos-x86_64 | 1.0.0 | 32.00 | NOTE | |||
r-devel-windows-x86_64 | 1.0.0 | 6.00 | 50.00 | 56.00 | NOTE | |
r-patched-linux-x86_64 | 1.0.0 | 7.74 | 23.75 | 31.49 | NOTE | |
r-release-linux-x86_64 | 1.0.0 | 2.94 | 23.84 | 26.78 | NOTE | |
r-release-macos-arm64 | 1.0.0 | 18.00 | NOTE | |||
r-release-macos-x86_64 | 1.0.0 | 26.00 | NOTE | |||
r-release-windows-x86_64 | 1.0.0 | 6.00 | 49.00 | 55.00 | NOTE | |
r-oldrel-macos-arm64 | 1.0.0 | 18.00 | NOTE | |||
r-oldrel-macos-x86_64 | 1.0.0 | 27.00 | NOTE | |||
r-oldrel-windows-x86_64 | 1.0.0 | 6.00 | 53.00 | 59.00 | NOTE |
Version: 1.0.0
Check: Rd files
Result: NOTE
checkRd: (-1) dynamicMapLayerOptions.Rd:23: Lost braces; missing escapes or markup?
23 | \item{layerDefs}{A string representing a query to run against the service before the image is rendered. This can be a string like "3:STATE_NAME="Kansas"" or an object mapping different queries to specific layers {3:"STATE_NAME="Kansas"", 2:"POP2007>25000"}.}
| ^
checkRd: (-1) featureLayerOptions.Rd:35: Lost braces; missing escapes or markup?
35 | Can be an object like {start:"startTime", end:"endTime"} or a string like "created".}
| ^
Flavors: r-devel-linux-x86_64-debian-clang, r-devel-linux-x86_64-debian-gcc, r-devel-linux-x86_64-fedora-clang, r-devel-linux-x86_64-fedora-gcc, r-devel-macos-arm64, r-devel-macos-x86_64, r-devel-windows-x86_64, r-patched-linux-x86_64, r-release-linux-x86_64, r-release-macos-arm64, r-release-macos-x86_64, r-release-windows-x86_64
Version: 1.0.0
Check: Rd cross-references
Result: NOTE
Found the following Rd file(s) with Rd \link{} targets missing package
anchors:
addEsriFeatureLayer.Rd: addTiles, labelOptions, popupOptions
addEsriHeatmapFeatureLayer.Rd: addTiles
Please provide package anchors for all Rd \link{} targets not in the
package itself and the base packages.
Flavors: r-devel-linux-x86_64-debian-clang, r-devel-linux-x86_64-debian-gcc, r-devel-windows-x86_64
Version: 1.0.0
Check: LazyData
Result: NOTE
'LazyData' is specified without a 'data' directory
Flavors: r-patched-linux-x86_64, r-release-linux-x86_64, r-release-macos-arm64, r-release-macos-x86_64, r-release-windows-x86_64, r-oldrel-macos-arm64, r-oldrel-macos-x86_64, r-oldrel-windows-x86_64
These binaries (installable software) and packages are in development.
They may not be fully stable and should be used with caution. We make no claims about them.
Health stats visible at Monitor.