Last updated on 2024-05-02 04:00:23 CEST.
Flavor | Version | Tinstall | Tcheck | Ttotal | Status | Flags |
---|---|---|---|---|---|---|
r-devel-linux-x86_64-debian-clang | 1.0.0 | 3.48 | 32.34 | 35.82 | NOTE | |
r-devel-linux-x86_64-debian-gcc | 1.0.0 | 2.86 | 24.22 | 27.08 | NOTE | |
r-devel-linux-x86_64-fedora-clang | 1.0.0 | 44.95 | NOTE | |||
r-devel-linux-x86_64-fedora-gcc | 1.0.0 | 42.37 | NOTE | |||
r-devel-windows-x86_64 | 1.0.0 | 7.00 | 48.00 | 55.00 | NOTE | |
r-patched-linux-x86_64 | 1.0.0 | 7.69 | 31.14 | 38.83 | NOTE | |
r-release-linux-x86_64 | 1.0.0 | 2.58 | 30.82 | 33.40 | NOTE | |
r-release-macos-arm64 | 1.0.0 | 18.00 | NOTE | |||
r-release-windows-x86_64 | 1.0.0 | 7.00 | 48.00 | 55.00 | NOTE | |
r-oldrel-macos-arm64 | 1.0.0 | 18.00 | NOTE | |||
r-oldrel-macos-x86_64 | 1.0.0 | 27.00 | NOTE | |||
r-oldrel-windows-x86_64 | 1.0.0 | 6.00 | 49.00 | 55.00 | NOTE |
Version: 1.0.0
Check: Rd files
Result: NOTE
checkRd: (-1) dynamicMapLayerOptions.Rd:23: Lost braces; missing escapes or markup?
23 | \item{layerDefs}{A string representing a query to run against the service before the image is rendered. This can be a string like "3:STATE_NAME="Kansas"" or an object mapping different queries to specific layers {3:"STATE_NAME="Kansas"", 2:"POP2007>25000"}.}
| ^
checkRd: (-1) featureLayerOptions.Rd:35: Lost braces; missing escapes or markup?
35 | Can be an object like {start:"startTime", end:"endTime"} or a string like "created".}
| ^
Flavors: r-devel-linux-x86_64-debian-clang, r-devel-linux-x86_64-debian-gcc, r-devel-linux-x86_64-fedora-clang, r-devel-linux-x86_64-fedora-gcc, r-devel-windows-x86_64, r-patched-linux-x86_64, r-release-linux-x86_64, r-release-macos-arm64, r-release-windows-x86_64
Version: 1.0.0
Check: LazyData
Result: NOTE
'LazyData' is specified without a 'data' directory
Flavors: r-devel-linux-x86_64-debian-clang, r-devel-linux-x86_64-debian-gcc, r-devel-linux-x86_64-fedora-clang, r-devel-linux-x86_64-fedora-gcc, r-devel-windows-x86_64, r-patched-linux-x86_64, r-release-linux-x86_64, r-release-macos-arm64, r-release-windows-x86_64, r-oldrel-macos-arm64, r-oldrel-macos-x86_64, r-oldrel-windows-x86_64
These binaries (installable software) and packages are in development.
They may not be fully stable and should be used with caution. We make no claims about them.
Health stats visible at Monitor.