Last updated on 2025-02-23 15:49:46 CET.
Flavor | Version | Tinstall | Tcheck | Ttotal | Status | Flags |
---|---|---|---|---|---|---|
r-devel-linux-x86_64-debian-clang | 0.1.1 | 6.24 | 57.27 | 63.51 | NOTE | |
r-devel-linux-x86_64-debian-gcc | 0.1.1 | 4.54 | 43.66 | 48.20 | NOTE | |
r-devel-linux-x86_64-fedora-clang | 0.1.1 | 100.80 | NOTE | |||
r-devel-linux-x86_64-fedora-gcc | 0.1.1 | 96.42 | NOTE | |||
r-devel-macos-arm64 | 0.1.1 | 31.00 | NOTE | |||
r-devel-macos-x86_64 | 0.1.1 | 64.00 | NOTE | |||
r-devel-windows-x86_64 | 0.1.1 | 6.00 | 76.00 | 82.00 | NOTE | |
r-patched-linux-x86_64 | 0.1.1 | 6.81 | 54.52 | 61.33 | NOTE | |
r-release-linux-x86_64 | 0.1.1 | 6.34 | 54.88 | 61.22 | NOTE | |
r-release-macos-arm64 | 0.1.1 | 32.00 | NOTE | |||
r-release-macos-x86_64 | 0.1.1 | 78.00 | NOTE | |||
r-release-windows-x86_64 | 0.1.1 | 8.00 | 74.00 | 82.00 | NOTE | |
r-oldrel-macos-arm64 | 0.1.1 | 37.00 | NOTE | |||
r-oldrel-macos-x86_64 | 0.1.1 | 54.00 | NOTE | |||
r-oldrel-windows-x86_64 | 0.1.1 | 9.00 | 88.00 | 97.00 | NOTE |
Version: 0.1.1
Check: Rd files
Result: NOTE
checkRd: (-1) lcpm.Rd:52: Lost braces; missing escapes or markup?
52 | \code{lcpm} provides the maximum likelihood estimate for ordinal outcomes (J>2 categories) and a Generalized Linear Model (GLM) with the log link without the assumption of proportionality. That is, lcpm determines the MLE for log[P(y <= j)]= cut_j + X beta_j subject to [cut_{j-1} + X beta_{j-1} <= cut_j + X beta_j] and [cut_j + X beta_j <=0]. This implementation uses \code{\link{constrOptim}} to determine the MLE and so the results account for the restricted parameter space.
| ^
checkRd: (-1) lcpm.Rd:52: Lost braces; missing escapes or markup?
52 | \code{lcpm} provides the maximum likelihood estimate for ordinal outcomes (J>2 categories) and a Generalized Linear Model (GLM) with the log link without the assumption of proportionality. That is, lcpm determines the MLE for log[P(y <= j)]= cut_j + X beta_j subject to [cut_{j-1} + X beta_{j-1} <= cut_j + X beta_j] and [cut_j + X beta_j <=0]. This implementation uses \code{\link{constrOptim}} to determine the MLE and so the results account for the restricted parameter space.
| ^
checkRd: (-1) ppm.Rd:51: Lost braces; missing escapes or markup?
51 | \code{ppm} provides the maximum likelihood estimate for ordinal outcomes (J>2 categories) and a Generalized Linear Model with the log link with the assumption of proportionality. That is, ppm determines the MLE for log[P(y <= j)]= cut_j + X beta subject to [cut_{j-1} <= cut_j ] and [cut_j + X beta <=0]. This implementation uses \code{\link{constrOptim}} to determine the MLE and so the results should correctly account for the restricted parameter space. A proposed test for proportionality is included in \code{\link{lcpm}}.
| ^
Flavors: r-devel-linux-x86_64-debian-clang, r-devel-linux-x86_64-debian-gcc, r-devel-linux-x86_64-fedora-clang, r-devel-linux-x86_64-fedora-gcc, r-devel-macos-arm64, r-devel-macos-x86_64, r-devel-windows-x86_64, r-patched-linux-x86_64, r-release-linux-x86_64, r-release-macos-arm64, r-release-macos-x86_64, r-release-windows-x86_64
Version: 0.1.1
Check: LazyData
Result: NOTE
'LazyData' is specified without a 'data' directory
Flavors: r-patched-linux-x86_64, r-release-linux-x86_64, r-release-macos-arm64, r-release-macos-x86_64, r-release-windows-x86_64, r-oldrel-macos-arm64, r-oldrel-macos-x86_64, r-oldrel-windows-x86_64
These binaries (installable software) and packages are in development.
They may not be fully stable and should be used with caution. We make no claims about them.
Health stats visible at Monitor.