Last updated on 2025-05-15 07:49:42 CEST.
Flavor | Version | Tinstall | Tcheck | Ttotal | Status | Flags |
---|---|---|---|---|---|---|
r-devel-linux-x86_64-debian-clang | 0.1.3 | 1.68 | 20.68 | 22.36 | NOTE | |
r-devel-linux-x86_64-debian-gcc | 0.1.3 | 1.46 | 16.95 | 18.41 | NOTE | |
r-devel-linux-x86_64-fedora-clang | 0.1.3 | 33.82 | OK | |||
r-devel-linux-x86_64-fedora-gcc | 0.1.3 | 32.06 | OK | |||
r-devel-windows-x86_64 | 0.1.3 | 3.00 | 42.00 | 45.00 | OK | |
r-patched-linux-x86_64 | 0.1.3 | 1.76 | 18.93 | 20.69 | OK | |
r-release-linux-x86_64 | 0.1.3 | 1.59 | 19.14 | 20.73 | OK | |
r-release-macos-arm64 | 0.1.3 | OK | ||||
r-release-macos-x86_64 | 0.1.3 | 26.00 | OK | |||
r-release-windows-x86_64 | 0.1.3 | 3.00 | 42.00 | 45.00 | OK | |
r-oldrel-macos-arm64 | 0.1.3 | 15.00 | NOTE | |||
r-oldrel-macos-x86_64 | 0.1.3 | 24.00 | NOTE | |||
r-oldrel-windows-x86_64 | 0.1.3 | 2.00 | 45.00 | 47.00 | NOTE |
Version: 0.1.3
Check: CRAN incoming feasibility
Result: NOTE
Maintainer: ‘Uwe Block <u.block.mz@gmail.com>’
Found the following (possibly) invalid file URI:
URI: CONDUCT.md
From: README.md
Flavors: r-devel-linux-x86_64-debian-clang, r-devel-linux-x86_64-debian-gcc
Version: 0.1.3
Check: LazyData
Result: NOTE
'LazyData' is specified without a 'data' directory
Flavors: r-oldrel-macos-arm64, r-oldrel-macos-x86_64, r-oldrel-windows-x86_64
These binaries (installable software) and packages are in development.
They may not be fully stable and should be used with caution. We make no claims about them.
Health stats visible at Monitor.