Last updated on 2025-02-23 19:51:08 CET.
Flavor | Version | Tinstall | Tcheck | Ttotal | Status | Flags |
---|---|---|---|---|---|---|
r-devel-linux-x86_64-debian-clang | 1.1.2 | 8.87 | 82.43 | 91.30 | NOTE | |
r-devel-linux-x86_64-debian-gcc | 1.1.2 | 5.89 | 61.83 | 67.72 | NOTE | |
r-devel-linux-x86_64-fedora-clang | 1.1.2 | 139.43 | NOTE | |||
r-devel-linux-x86_64-fedora-gcc | 1.1.2 | 137.64 | NOTE | |||
r-devel-macos-arm64 | 1.1.2 | 44.00 | NOTE | |||
r-devel-macos-x86_64 | 1.1.2 | 85.00 | NOTE | |||
r-devel-windows-x86_64 | 1.1.2 | 10.00 | 104.00 | 114.00 | NOTE | |
r-patched-linux-x86_64 | 1.1.2 | 8.60 | 78.65 | 87.25 | NOTE | |
r-release-linux-x86_64 | 1.1.2 | 7.46 | 79.37 | 86.83 | NOTE | |
r-release-macos-arm64 | 1.1.2 | 42.00 | NOTE | |||
r-release-macos-x86_64 | 1.1.2 | 66.00 | NOTE | |||
r-release-windows-x86_64 | 1.1.2 | 10.00 | 96.00 | 106.00 | NOTE | |
r-oldrel-macos-arm64 | 1.1.2 | 47.00 | OK | |||
r-oldrel-macos-x86_64 | 1.1.2 | 120.00 | OK | |||
r-oldrel-windows-x86_64 | 1.1.2 | 8.00 | 117.00 | 125.00 | OK |
Version: 1.1.2
Check: Rd files
Result: NOTE
checkRd: (-1) DOS.Rd:34: Lost braces; missing escapes or markup?
34 | Band-specific sensor $G_{rescale}$ (gain). Require either gain and offset or Grescale and Brescale to convert DN to radiance.
| ^
checkRd: (-1) DOS.Rd:37: Lost braces; missing escapes or markup?
37 | Band-specific sensor $B_{rescale}$ (bias). Require either gain and offset or Grescale and Brescale to convert DN to radiance.
| ^
Flavors: r-devel-linux-x86_64-debian-clang, r-devel-linux-x86_64-debian-gcc, r-devel-linux-x86_64-fedora-clang, r-devel-linux-x86_64-fedora-gcc, r-devel-macos-arm64, r-devel-macos-x86_64, r-devel-windows-x86_64, r-patched-linux-x86_64, r-release-linux-x86_64, r-release-macos-arm64, r-release-macos-x86_64, r-release-windows-x86_64
These binaries (installable software) and packages are in development.
They may not be fully stable and should be used with caution. We make no claims about them.
Health stats visible at Monitor.