Last updated on 2024-05-02 04:00:23 CEST.
Flavor | Version | Tinstall | Tcheck | Ttotal | Status | Flags |
---|---|---|---|---|---|---|
r-devel-linux-x86_64-debian-clang | 2.2.3 | 22.92 | 28.63 | 51.55 | NOTE | |
r-devel-linux-x86_64-debian-gcc | 2.2.3 | 15.19 | 22.60 | 37.79 | NOTE | |
r-devel-linux-x86_64-fedora-clang | 2.2.3 | 74.55 | NOTE | |||
r-devel-linux-x86_64-fedora-gcc | 2.2.3 | 66.93 | NOTE | |||
r-devel-windows-x86_64 | 2.2.3 | 21.00 | 63.00 | 84.00 | NOTE | |
r-patched-linux-x86_64 | 2.2.3 | 21.01 | 27.99 | 49.00 | NOTE | |
r-release-linux-x86_64 | 2.2.3 | 18.21 | 28.64 | 46.85 | NOTE | |
r-release-macos-arm64 | 2.2.3 | 22.00 | NOTE | |||
r-release-windows-x86_64 | 2.2.3 | 22.00 | 62.00 | 84.00 | NOTE | |
r-oldrel-macos-arm64 | 2.2.3 | 28.00 | NOTE | |||
r-oldrel-macos-x86_64 | 2.2.3 | 56.00 | NOTE | |||
r-oldrel-windows-x86_64 | 2.2.3 | 25.00 | 68.00 | 93.00 | NOTE |
Version: 2.2.3
Check: for GNU extensions in Makefiles
Result: NOTE
GNU make is a SystemRequirements.
Flavors: r-devel-linux-x86_64-debian-clang, r-devel-linux-x86_64-debian-gcc, r-devel-linux-x86_64-fedora-clang, r-devel-linux-x86_64-fedora-gcc, r-devel-windows-x86_64, r-patched-linux-x86_64, r-release-linux-x86_64, r-release-macos-arm64, r-release-windows-x86_64, r-oldrel-macos-arm64, r-oldrel-macos-x86_64, r-oldrel-windows-x86_64
Version: 2.2.3
Check: Rd cross-references
Result: NOTE
Undeclared package ‘gsl’ in Rd xrefs
Flavor: r-devel-linux-x86_64-fedora-clang
These binaries (installable software) and packages are in development.
They may not be fully stable and should be used with caution. We make no claims about them.
Health stats visible at Monitor.