CRAN Package Check Results for Package laketemps

Last updated on 2025-05-18 03:50:21 CEST.

Flavor Version Tinstall Tcheck Ttotal Status Flags
r-devel-linux-x86_64-debian-clang 0.5.1 5.18 38.77 43.95 NOTE
r-devel-linux-x86_64-debian-gcc 0.5.1 3.76 29.82 33.58 NOTE
r-devel-linux-x86_64-fedora-clang 0.5.1 69.04 OK
r-devel-linux-x86_64-fedora-gcc 0.5.1 67.37 OK
r-devel-windows-x86_64 0.5.1 6.00 59.00 65.00 OK
r-patched-linux-x86_64 0.5.1 5.11 37.03 42.14 OK
r-release-linux-x86_64 0.5.1 5.44 37.13 42.57 OK
r-release-macos-arm64 0.5.1 30.00 OK
r-release-macos-x86_64 0.5.1 43.00 OK
r-release-windows-x86_64 0.5.1 7.00 67.00 74.00 OK
r-oldrel-macos-arm64 0.5.1 27.00 OK
r-oldrel-macos-x86_64 0.5.1 40.00 OK
r-oldrel-windows-x86_64 0.5.1 9.00 66.00 75.00 OK

Check Details

Version: 0.5.1
Check: CRAN incoming feasibility
Result: NOTE Maintainer: ‘Jordan S Read <jread@usgs.gov>’ No Authors@R field in DESCRIPTION. Please add one, modifying Authors@R: person(given = c("Jordan", "S"), family = "Read", role = c("aut", "cre"), email = "jread@usgs.gov") as necessary. Package CITATION file contains call(s) to old-style personList() or as.personList(). Please use c() on person objects instead. Package CITATION file contains call(s) to old-style citEntry(). Please use bibentry() instead. The Description field contains (http://www.laketemperature.org). See citation('laketemps') for dataset Please enclose URLs in angle brackets (<...>). Flavors: r-devel-linux-x86_64-debian-clang, r-devel-linux-x86_64-debian-gcc

These binaries (installable software) and packages are in development.
They may not be fully stable and should be used with caution. We make no claims about them.
Health stats visible at Monitor.