Last updated on 2025-10-31 05:48:45 CET.
| Flavor | Version | Tinstall | Tcheck | Ttotal | Status | Flags | 
|---|---|---|---|---|---|---|
| r-devel-linux-x86_64-debian-clang | 1.1.0 | 2.07 | 23.86 | 25.93 | NOTE | |
| r-devel-linux-x86_64-debian-gcc | 1.1.0 | 1.68 | 19.51 | 21.19 | NOTE | |
| r-devel-linux-x86_64-fedora-clang | 1.1.0 | 39.84 | OK | |||
| r-devel-linux-x86_64-fedora-gcc | 1.1.0 | 35.47 | OK | |||
| r-devel-windows-x86_64 | 1.1.0 | 3.00 | 43.00 | 46.00 | OK | |
| r-patched-linux-x86_64 | 1.1.0 | 2.12 | 22.68 | 24.80 | OK | |
| r-release-linux-x86_64 | 1.1.0 | 1.84 | 22.80 | 24.64 | OK | |
| r-release-macos-arm64 | 1.1.0 | 1.00 | 16.00 | 17.00 | OK | |
| r-release-macos-x86_64 | 1.1.0 | 2.00 | 27.00 | 29.00 | OK | |
| r-release-windows-x86_64 | 1.1.0 | 3.00 | 48.00 | 51.00 | OK | |
| r-oldrel-macos-arm64 | 1.1.0 | 1.00 | 17.00 | 18.00 | OK | |
| r-oldrel-macos-x86_64 | 1.1.0 | 2.00 | 22.00 | 24.00 | OK | |
| r-oldrel-windows-x86_64 | 1.1.0 | 3.00 | 45.00 | 48.00 | OK | 
Version: 1.1.0
Check: CRAN incoming feasibility
Result: NOTE
  Maintainer: ‘Zeynel Cebeci <zcebeci@cukurova.edu.tr>’
  
  Package CITATION file contains call(s) to old-style citEntry().  Please
  use bibentry() instead.
  
  Found the following URLs which should use \doi (with the DOI name only):
    File ‘findk.Rd’:
      https://doi.org/10.17700/jai.2018.9.2.442
      https://doi.org/10.1109/IDAP.2018.8620896
    File ‘findpolypeaks.Rd’:
      https://doi.org/10.17700/jai.2018.9.2.442
      https://doi.org/10.1109/IDAP.2018.8620896
    File ‘genpolygon.Rd’:
      https://doi.org/10.24925/turjaf.v5i4.315-320.1056
      https://doi.org/10.17700/jai.2018.9.2.442
      https://doi.org/10.1109/IDAP.2018.8620896
    File ‘kpeaks-package.Rd’:
      https://doi.org/10.17700/jai.2018.9.2.442
      https://doi.org/10.1109/IDAP.2018.8620896
    File ‘plotpolygon.Rd’:
      https://doi.org/10.17700/jai.2018.9.2.442
      https://doi.org/10.1109/IDAP.2018.8620896
    File ‘rmshoulders.Rd’:
      https://doi.org/10.17700/jai.2018.9.2.442
      https://doi.org/10.1109/IDAP.2018.8620896
Flavors: r-devel-linux-x86_64-debian-clang, r-devel-linux-x86_64-debian-gcc
These binaries (installable software) and packages are in development.
They may not be fully stable and should be used with caution. We make no claims about them.
Health stats visible at Monitor.