Last updated on 2024-05-02 01:57:02 CEST.
Flavor | Version | Tinstall | Tcheck | Ttotal | Status | Flags |
---|---|---|---|---|---|---|
r-devel-linux-x86_64-debian-clang | 1.0.1 | 14.53 | 259.28 | 273.81 | NOTE | |
r-devel-linux-x86_64-debian-gcc | 1.0.1 | 12.36 | 218.15 | 230.51 | NOTE | |
r-devel-linux-x86_64-fedora-clang | 1.0.1 | 344.18 | NOTE | |||
r-devel-linux-x86_64-fedora-gcc | 1.0.1 | 377.09 | NOTE | |||
r-devel-windows-x86_64 | 1.0.1 | 14.00 | 223.00 | 237.00 | NOTE | |
r-patched-linux-x86_64 | 1.0.1 | 23.01 | 287.81 | 310.82 | NOTE | |
r-release-linux-x86_64 | 1.0.1 | 17.92 | 284.59 | 302.51 | NOTE | |
r-release-macos-arm64 | 1.0.1 | 113.00 | NOTE | |||
r-release-macos-x86_64 | 1.0.1 | 226.00 | NOTE | |||
r-release-windows-x86_64 | 1.0.1 | 15.00 | 215.00 | 230.00 | NOTE | |
r-oldrel-macos-arm64 | 1.0.1 | 99.00 | NOTE | |||
r-oldrel-macos-x86_64 | 1.0.1 | 221.00 | NOTE | |||
r-oldrel-windows-x86_64 | 1.0.1 | 19.00 | 270.00 | 289.00 | NOTE |
Version: 1.0.1
Check: Rd files
Result: NOTE
checkRd: (-1) hsic.perm.Rd:36: Lost braces; missing escapes or markup?
36 | Let x and y be two samples of length n. Gram matrices K and L are defined as: \eqn{K_{i,j} = \exp\frac{(x_i-x_j)^2}{\sigma^2}}{K_{i,j} =exp((x_i-x_j)^2/sig^2)} and \eqn{L_{i,j} = \exp\frac{(y_i-y_j)^2}{\sigma^2}}{L_{i,j} =exp((y_i-y_j)^2/sig^2)}. \eqn{H_{i,j} = \delta_{i,j} - \frac{1}{n}}{H_{i,j} = \delta_{i,j} - 1/n}. Let \eqn{A=HKH} and \eqn{B=HLH}, then \eqn{HSIC(x,y)=\frac{1}{n^2}Tr(AB)}{HSIC(x,y)=Tr(AB)/n^2}. Permutation test permutes y p times to get \eqn{y_{(p)}} and calculates HSIC(x,y_{(p)}). \eqn{pval = \frac{1(HSIC(x,y)>HSIC(x,y_{(p)}))}{p}}{(HSIC(x,y)>HSIC(x,y_{(p)}))/p}.
| ^
Flavors: r-devel-linux-x86_64-debian-clang, r-devel-linux-x86_64-debian-gcc, r-devel-linux-x86_64-fedora-clang, r-devel-linux-x86_64-fedora-gcc, r-devel-windows-x86_64, r-patched-linux-x86_64, r-release-linux-x86_64, r-release-macos-arm64, r-release-windows-x86_64
Version: 1.0.1
Check: LazyData
Result: NOTE
'LazyData' is specified without a 'data' directory
Flavors: r-devel-linux-x86_64-debian-clang, r-devel-linux-x86_64-debian-gcc, r-devel-linux-x86_64-fedora-clang, r-devel-linux-x86_64-fedora-gcc, r-devel-windows-x86_64, r-patched-linux-x86_64, r-release-linux-x86_64, r-release-macos-arm64, r-release-macos-x86_64, r-release-windows-x86_64, r-oldrel-macos-arm64, r-oldrel-macos-x86_64, r-oldrel-windows-x86_64
These binaries (installable software) and packages are in development.
They may not be fully stable and should be used with caution. We make no claims about them.
Health stats visible at Monitor.