Last updated on 2024-05-02 13:50:00 CEST.
Flavor | Version | Tinstall | Tcheck | Ttotal | Status | Flags |
---|---|---|---|---|---|---|
r-devel-linux-x86_64-debian-clang | 1.46 | 11.86 | 118.09 | 129.95 | OK | |
r-devel-linux-x86_64-debian-gcc | 1.46 | 10.79 | 89.30 | 100.09 | OK | |
r-devel-linux-x86_64-fedora-clang | 1.46 | 167.80 | OK | |||
r-devel-linux-x86_64-fedora-gcc | 1.46 | 100.57 | OK | |||
r-devel-windows-x86_64 | 1.46 | 14.00 | 169.00 | 183.00 | OK | |
r-patched-linux-x86_64 | 1.46 | 13.47 | 110.10 | 123.57 | OK | |
r-release-linux-x86_64 | 1.46 | 14.12 | 111.33 | 125.45 | OK | |
r-release-macos-arm64 | 1.46 | 61.00 | OK | |||
r-release-macos-x86_64 | 1.46 | 175.00 | OK | |||
r-release-windows-x86_64 | 1.46 | 13.00 | 165.00 | 178.00 | OK | |
r-oldrel-macos-arm64 | 1.46 | 65.00 | ERROR | |||
r-oldrel-macos-x86_64 | 1.46 | 156.00 | ERROR | |||
r-oldrel-windows-x86_64 | 1.46 | 17.00 | 165.00 | 182.00 | OK |
Version: 1.46
Check: running R code from vignettes
Result: ERROR
Errors in running code in vignettes:
when running code in ‘knit_expand.Rmd’
...
</html>
> src = lapply(names(mtcars)[-1], function(i) {
+ knit_expand(text = c("# Regression on {{i}}", "```{r lm-{{i}}}",
+ "lm(mpg~{{i}}, data= ..." ... [TRUNCATED]
> res = knit_child(text = unlist(src))
When sourcing ‘knit_expand.R’:
Error: character argument expected
Execution halted
when running code in ‘docco-classic.Rmd’
...
> x[i] = "knitr::rocco"
> library(knitr)
> cat(knit_child(text = x, quiet = TRUE), sep = "\n")
When sourcing ‘docco-classic.R’:
Error: character argument expected
Execution halted
‘knitr-refcard.Rmd’ using ‘UTF-8’... [0s/0s] OK
‘datatables.Rmd’ using ‘UTF-8’... [0s/0s] OK
‘knit_expand.Rmd’ using ‘UTF-8’... failed
‘knit_print.Rmd’ using ‘UTF-8’... [0s/0s] OK
‘knitr-html.Rhtml’ using ‘UTF-8’... [0s/0s] OK
‘knitr-intro.Rmd’ using ‘UTF-8’... [0s/0s] OK
‘knitr-markdown.Rmd’ using ‘UTF-8’... [0s/0s] OK
‘docco-classic.Rmd’ using ‘UTF-8’... failed
‘docco-linear.Rmd’ using ‘UTF-8’... [0s/0s] OK
Flavor: r-oldrel-macos-arm64
Version: 1.46
Check: running R code from vignettes
Result: ERROR
Errors in running code in vignettes:
when running code in ‘knit_expand.Rmd’
...
</html>
> src = lapply(names(mtcars)[-1], function(i) {
+ knit_expand(text = c("# Regression on {{i}}", "```{r lm-{{i}}}",
+ "lm(mpg~{{i}}, data= ..." ... [TRUNCATED]
> res = knit_child(text = unlist(src))
When sourcing ‘knit_expand.R’:
Error: character argument expected
Execution halted
when running code in ‘docco-classic.Rmd’
...
> x[i] = "knitr::rocco"
> library(knitr)
> cat(knit_child(text = x, quiet = TRUE), sep = "\n")
When sourcing ‘docco-classic.R’:
Error: character argument expected
Execution halted
‘knitr-refcard.Rmd’ using ‘UTF-8’... [0s/0s] OK
‘datatables.Rmd’ using ‘UTF-8’... [0s/1s] OK
‘knit_expand.Rmd’ using ‘UTF-8’... failed
‘knit_print.Rmd’ using ‘UTF-8’... [0s/1s] OK
‘knitr-html.Rhtml’ using ‘UTF-8’... [0s/1s] OK
‘knitr-intro.Rmd’ using ‘UTF-8’... [0s/1s] OK
‘knitr-markdown.Rmd’ using ‘UTF-8’... [0s/1s] OK
‘docco-classic.Rmd’ using ‘UTF-8’... failed
‘docco-linear.Rmd’ using ‘UTF-8’... [0s/1s] OK
Flavor: r-oldrel-macos-x86_64
These binaries (installable software) and packages are in development.
They may not be fully stable and should be used with caution. We make no claims about them.
Health stats visible at Monitor.