Last updated on 2025-02-23 19:51:08 CET.
Flavor | Version | Tinstall | Tcheck | Ttotal | Status | Flags |
---|---|---|---|---|---|---|
r-devel-linux-x86_64-debian-clang | 1.49 | 10.90 | 89.40 | 100.30 | NOTE | |
r-devel-linux-x86_64-debian-gcc | 1.49 | 7.65 | 62.33 | 69.98 | NOTE | |
r-devel-linux-x86_64-fedora-clang | 1.49 | 164.58 | NOTE | |||
r-devel-linux-x86_64-fedora-gcc | 1.49 | 189.10 | NOTE | |||
r-devel-macos-arm64 | 1.49 | 53.00 | NOTE | |||
r-devel-macos-x86_64 | 1.49 | 148.00 | NOTE | |||
r-devel-windows-x86_64 | 1.49 | 13.00 | 154.00 | 167.00 | NOTE | |
r-patched-linux-x86_64 | 1.49 | 11.26 | 82.44 | 93.70 | NOTE | |
r-release-linux-x86_64 | 1.49 | 10.99 | 84.85 | 95.84 | NOTE | |
r-release-macos-arm64 | 1.49 | 57.00 | OK | |||
r-release-macos-x86_64 | 1.49 | 145.00 | OK | |||
r-release-windows-x86_64 | 1.49 | 17.00 | 155.00 | 172.00 | NOTE | |
r-oldrel-macos-arm64 | 1.49 | 66.00 | OK | |||
r-oldrel-macos-x86_64 | 1.49 | 115.00 | OK | |||
r-oldrel-windows-x86_64 | 1.49 | 17.00 | 165.00 | 182.00 | NOTE |
Version: 1.49
Check: dependencies in R code
Result: NOTE
':::' calls which should be '::':
‘xfun:::find_globals’ ‘xfun:::find_locals’
See the note in ?`:::` about the use of this operator.
Flavors: r-devel-linux-x86_64-debian-clang, r-devel-linux-x86_64-debian-gcc, r-devel-linux-x86_64-fedora-clang, r-devel-linux-x86_64-fedora-gcc, r-devel-macos-arm64, r-devel-macos-x86_64, r-devel-windows-x86_64, r-patched-linux-x86_64, r-release-linux-x86_64, r-release-windows-x86_64, r-oldrel-windows-x86_64
Version: 1.49
Check: for unstated dependencies in ‘demo’
Result: NOTE
'library' or 'require' call not declared from: ‘shiny’
Flavors: r-devel-linux-x86_64-debian-clang, r-devel-linux-x86_64-debian-gcc
These binaries (installable software) and packages are in development.
They may not be fully stable and should be used with caution. We make no claims about them.
Health stats visible at Monitor.