Last updated on 2025-02-02 07:50:13 CET.
Flavor | Version | Tinstall | Tcheck | Ttotal | Status | Flags |
---|---|---|---|---|---|---|
r-devel-linux-x86_64-debian-clang | 1.0.1 | 2.16 | 77.23 | 79.39 | ERROR | |
r-devel-linux-x86_64-debian-gcc | 1.0.1 | 2.34 | 54.17 | 56.51 | NOTE | |
r-devel-linux-x86_64-fedora-clang | 1.0.1 | 131.43 | NOTE | |||
r-devel-linux-x86_64-fedora-gcc | 1.0.1 | 136.33 | NOTE | |||
r-devel-windows-x86_64 | 1.0.1 | 5.00 | 152.00 | 157.00 | ERROR | |
r-patched-linux-x86_64 | 1.0.1 | 3.33 | 73.07 | 76.40 | OK | |
r-release-linux-x86_64 | 1.0.1 | 3.00 | 74.25 | 77.25 | OK | |
r-release-macos-arm64 | 1.0.1 | 182.00 | OK | |||
r-release-macos-x86_64 | 1.0.1 | 223.00 | OK | |||
r-release-windows-x86_64 | 1.0.1 | 7.00 | 122.00 | 129.00 | OK | |
r-oldrel-macos-arm64 | 1.0.1 | 202.00 | OK | |||
r-oldrel-macos-x86_64 | 1.0.1 | 235.00 | OK | |||
r-oldrel-windows-x86_64 | 1.0.1 | 6.00 | 165.00 | 171.00 | OK |
Version: 1.0.1
Check: DESCRIPTION meta-information
Result: NOTE
Missing dependency on R >= 4.1.0 because package code uses the pipe
|> or function shorthand \(...) syntax added in R 4.1.0.
File(s) using such syntax:
‘UpdateKlass-graph-navigate.R’
Flavors: r-devel-linux-x86_64-debian-clang, r-devel-linux-x86_64-debian-gcc, r-devel-linux-x86_64-fedora-clang, r-devel-linux-x86_64-fedora-gcc, r-devel-windows-x86_64
Version: 1.0.1
Check: tests
Result: ERROR
Running ‘testthat.R’ [41s/78s]
Running the tests in ‘tests/testthat.R’ failed.
Complete output:
> library(testthat)
> library(klassR)
>
> test_check("klassR")
Connection failed with error code 404
Connection failed with error code 500
[ FAIL 1 | WARN 0 | SKIP 0 | PASS 93 ]
══ Failed tests ════════════════════════════════════════════════════════════════
── Error ('test_ListKlass.R:24:3'): search_klass returns searches ──────────────
Error in `expect_in("Standard for kommuneinndeling", komm_search$klass_name)`: `object` and `expected` must both be vectors
Backtrace:
▆
1. └─testthat::expect_in("Standard for kommuneinndeling", komm_search$klass_name) at test_ListKlass.R:24:3
2. └─rlang::abort("`object` and `expected` must both be vectors")
[ FAIL 1 | WARN 0 | SKIP 0 | PASS 93 ]
Error: Test failures
Execution halted
Flavor: r-devel-linux-x86_64-debian-clang
Version: 1.0.1
Check: tests
Result: ERROR
Running 'testthat.R' [65s]
Running the tests in 'tests/testthat.R' failed.
Complete output:
> library(testthat)
> library(klassR)
>
> test_check("klassR")
Connection failed with error code 404
Connection failed with error code 500
[ FAIL 1 | WARN 0 | SKIP 0 | PASS 93 ]
══ Failed tests ════════════════════════════════════════════════════════════════
── Error ('test_ListKlass.R:24:3'): search_klass returns searches ──────────────
Error in `expect_in("Standard for kommuneinndeling", komm_search$klass_name)`: `object` and `expected` must both be vectors
Backtrace:
▆
1. └─testthat::expect_in("Standard for kommuneinndeling", komm_search$klass_name) at test_ListKlass.R:24:3
2. └─rlang::abort("`object` and `expected` must both be vectors")
[ FAIL 1 | WARN 0 | SKIP 0 | PASS 93 ]
Error: Test failures
Execution halted
Flavor: r-devel-windows-x86_64
These binaries (installable software) and packages are in development.
They may not be fully stable and should be used with caution. We make no claims about them.
Health stats visible at Monitor.