Last updated on 2024-05-02 11:51:25 CEST.
Flavor | Version | Tinstall | Tcheck | Ttotal | Status | Flags |
---|---|---|---|---|---|---|
r-devel-linux-x86_64-debian-clang | 1.0-4 | 30.43 | 284.98 | 315.41 | NOTE | |
r-devel-linux-x86_64-debian-gcc | 1.0-4 | 24.11 | 194.48 | 218.59 | NOTE | |
r-devel-linux-x86_64-fedora-clang | 1.0-4 | 378.24 | NOTE | |||
r-devel-linux-x86_64-fedora-gcc | 1.0-4 | 360.68 | NOTE | |||
r-devel-windows-x86_64 | 1.0-4 | 25.00 | 164.00 | 189.00 | NOTE | |
r-patched-linux-x86_64 | 1.0-4 | 35.60 | 259.80 | 295.40 | NOTE | |
r-release-linux-x86_64 | 1.0-4 | 24.24 | 269.69 | 293.93 | NOTE | |
r-release-macos-arm64 | 1.0-4 | 78.00 | NOTE | |||
r-release-windows-x86_64 | 1.0-4 | 24.00 | 163.00 | 187.00 | NOTE | |
r-oldrel-macos-arm64 | 1.0-4 | 83.00 | OK | |||
r-oldrel-macos-x86_64 | 1.0-4 | 158.00 | OK | |||
r-oldrel-windows-x86_64 | 1.0-4 | 34.00 | 223.00 | 257.00 | OK |
Version: 1.0-4
Check: Rd files
Result: NOTE
checkRd: (-1) kissmig.Rd:32: Lost braces
32 | migration in species distribution models (\doi{10.1111/ecog.00930}{Nobis and Normand 2014}).
| ^
checkRd: (-1) kissmig.Rd:86: Lost braces
86 | \item{\doi{10.1111/ecog.00930}{Nobis MP and Normand S (2014)} KISSMig - a simple model for R to account for
| ^
Flavors: r-devel-linux-x86_64-debian-clang, r-devel-linux-x86_64-debian-gcc, r-devel-linux-x86_64-fedora-clang, r-devel-linux-x86_64-fedora-gcc, r-devel-windows-x86_64, r-patched-linux-x86_64, r-release-linux-x86_64, r-release-macos-arm64, r-release-windows-x86_64
These binaries (installable software) and packages are in development.
They may not be fully stable and should be used with caution. We make no claims about them.
Health stats visible at Monitor.