CRAN Package Check Results for Package kfino

Last updated on 2025-05-17 15:50:46 CEST.

Flavor Version Tinstall Tcheck Ttotal Status Flags
r-devel-linux-x86_64-debian-clang 1.0.0 8.10 207.26 215.36 NOTE
r-devel-linux-x86_64-debian-gcc 1.0.0 5.41 136.68 142.09 NOTE
r-devel-linux-x86_64-fedora-clang 1.0.0 340.57 NOTE
r-devel-linux-x86_64-fedora-gcc 1.0.0 382.60 NOTE
r-devel-windows-x86_64 1.0.0 9.00 229.00 238.00 NOTE
r-patched-linux-x86_64 1.0.0 7.18 203.29 210.47 NOTE
r-release-linux-x86_64 1.0.0 6.55 202.68 209.23 NOTE
r-release-macos-arm64 1.0.0 114.00 NOTE
r-release-macos-x86_64 1.0.0 161.00 NOTE
r-release-windows-x86_64 1.0.0 8.00 235.00 243.00 NOTE
r-oldrel-macos-arm64 1.0.0 77.00 NOTE
r-oldrel-macos-x86_64 1.0.0 119.00 NOTE
r-oldrel-windows-x86_64 1.0.0 12.00 292.00 304.00 NOTE

Check Details

Version: 1.0.0
Check: CRAN incoming feasibility
Result: NOTE Maintainer: ‘Isabelle Sanchez <isabelle.sanchez@inrae.fr>’ The Description field contains e-Print: <arXiv:2208.00961>. Please refer to arXiv e-prints via their arXiv DOI <doi:10.48550/arXiv.YYMM.NNNNN>. Flavors: r-devel-linux-x86_64-debian-clang, r-devel-linux-x86_64-debian-gcc

Version: 1.0.0
Check: Rd files
Result: NOTE checkRd: (-1) kfino_plot.Rd:52: Lost braces; missing escapes or markup? 52 | plus the OK values. Prediction corresponds to E[X_{t} | Y_{1...t}] | ^ checkRd: (-1) kfino_plot.Rd:52: Lost braces; missing escapes or markup? 52 | plus the OK values. Prediction corresponds to E[X_{t} | Y_{1...t}] | ^ Flavors: r-devel-linux-x86_64-debian-clang, r-devel-linux-x86_64-debian-gcc, r-devel-linux-x86_64-fedora-clang, r-devel-linux-x86_64-fedora-gcc, r-devel-windows-x86_64, r-patched-linux-x86_64, r-release-linux-x86_64, r-release-macos-arm64, r-release-macos-x86_64, r-release-windows-x86_64, r-oldrel-macos-arm64, r-oldrel-macos-x86_64, r-oldrel-windows-x86_64

These binaries (installable software) and packages are in development.
They may not be fully stable and should be used with caution. We make no claims about them.
Health stats visible at Monitor.