Last updated on 2025-05-03 22:49:58 CEST.
Flavor | Version | Tinstall | Tcheck | Ttotal | Status | Flags |
---|---|---|---|---|---|---|
r-devel-linux-x86_64-debian-clang | 0.3.0 | 4.26 | 40.22 | 44.48 | NOTE | |
r-devel-linux-x86_64-debian-gcc | 0.3.0 | 3.28 | 29.25 | 32.53 | NOTE | |
r-devel-linux-x86_64-fedora-clang | 0.3.0 | 69.17 | NOTE | |||
r-devel-linux-x86_64-fedora-gcc | 0.3.0 | 66.55 | NOTE | |||
r-devel-windows-x86_64 | 0.3.0 | 5.00 | 72.00 | 77.00 | NOTE | |
r-patched-linux-x86_64 | 0.3.0 | 4.42 | 38.44 | 42.86 | NOTE | |
r-release-linux-x86_64 | NOTE | |||||
r-release-macos-arm64 | 0.3.0 | 27.00 | NOTE | |||
r-release-macos-x86_64 | 0.3.0 | 48.00 | NOTE | |||
r-release-windows-x86_64 | 0.3.0 | 5.00 | 58.00 | 63.00 | NOTE | |
r-oldrel-macos-arm64 | 0.3.0 | 23.00 | NOTE | |||
r-oldrel-macos-x86_64 | 0.3.0 | 36.00 | NOTE | |||
r-oldrel-windows-x86_64 | 0.3.0 | 5.00 | 63.00 | 68.00 | NOTE |
Version: 0.3.0
Check: CRAN incoming feasibility
Result: NOTE
Maintainer: ‘Michel Ballings <Michel.Ballings@GMail.com>’
No Authors@R field in DESCRIPTION.
Please add one, modifying
Authors@R: c(person(given = "Michel",
family = "Ballings",
role = c("aut", "cre"),
email = "michel.ballings@gmail.com"),
person(given = "Dirk",
family = "Van den Poel",
role = "aut"))
as necessary.
Package CITATION file contains call(s) to old-style personList() or
as.personList(). Please use c() on person objects instead.
Package CITATION file contains call(s) to old-style citEntry(). Please
use bibentry() instead.
Flavors: r-devel-linux-x86_64-debian-clang, r-devel-linux-x86_64-debian-gcc
Version: 0.3.0
Check: Rd files
Result: NOTE
checkRd: (-1) kernelFactory.Rd:21: Lost braces; missing escapes or markup?
21 | \item{method}{Can be one of the following: POLynomial kernel function (\code{pol}), LINear kernel function (\code{lin}), Radial Basis kernel Function \code{rbf}), random choice (random={pol, lin, rbf}) (\code{random}), burn- in choice of best function (burn={pol, lin, rbf }) (\code{burn}). Use \code{random} or \code{burn} if you don't know in advance which kernel function is best.}
| ^
checkRd: (-1) kernelFactory.Rd:21: Lost braces; missing escapes or markup?
21 | \item{method}{Can be one of the following: POLynomial kernel function (\code{pol}), LINear kernel function (\code{lin}), Radial Basis kernel Function \code{rbf}), random choice (random={pol, lin, rbf}) (\code{random}), burn- in choice of best function (burn={pol, lin, rbf }) (\code{burn}). Use \code{random} or \code{burn} if you don't know in advance which kernel function is best.}
| ^
Flavors: r-devel-linux-x86_64-debian-clang, r-devel-linux-x86_64-debian-gcc, r-devel-linux-x86_64-fedora-clang, r-devel-linux-x86_64-fedora-gcc, r-devel-windows-x86_64, r-patched-linux-x86_64, r-release-linux-x86_64, r-release-macos-arm64, r-release-macos-x86_64, r-release-windows-x86_64, r-oldrel-macos-arm64, r-oldrel-macos-x86_64, r-oldrel-windows-x86_64
These binaries (installable software) and packages are in development.
They may not be fully stable and should be used with caution. We make no claims about them.
Health stats visible at Monitor.