Last updated on 2024-05-02 13:50:00 CEST.
Flavor | Version | Tinstall | Tcheck | Ttotal | Status | Flags |
---|---|---|---|---|---|---|
r-devel-linux-x86_64-debian-clang | 2.0-2 | 5.12 | 55.73 | 60.85 | NOTE | |
r-devel-linux-x86_64-debian-gcc | 2.0-2 | 3.31 | 41.45 | 44.76 | NOTE | |
r-devel-linux-x86_64-fedora-clang | 2.0-2 | 76.50 | NOTE | |||
r-devel-linux-x86_64-fedora-gcc | 2.0-2 | 84.57 | NOTE | |||
r-devel-windows-x86_64 | 2.0-2 | 5.00 | 58.00 | 63.00 | NOTE | |
r-patched-linux-x86_64 | 2.0-2 | 7.17 | 52.96 | 60.13 | NOTE | |
r-release-linux-x86_64 | 2.0-2 | 3.45 | 54.06 | 57.51 | NOTE | |
r-release-macos-arm64 | 2.0-2 | 30.00 | NOTE | |||
r-release-windows-x86_64 | 2.0-2 | 4.00 | 57.00 | 61.00 | NOTE | |
r-oldrel-macos-arm64 | 2.0-2 | 29.00 | OK | |||
r-oldrel-macos-x86_64 | 2.0-2 | 44.00 | OK | |||
r-oldrel-windows-x86_64 | 2.0-2 | 5.00 | 61.00 | 66.00 | OK |
Version: 2.0-2
Check: Rd files
Result: NOTE
prepare_Rd: NEWS.Rd:58: Dropping empty section ‘kelvin INITIAL VERSION 1.0-0 (2012-05-30)’
Flavors: r-devel-linux-x86_64-debian-clang, r-devel-linux-x86_64-debian-gcc, r-devel-linux-x86_64-fedora-clang, r-devel-linux-x86_64-fedora-gcc, r-devel-windows-x86_64, r-patched-linux-x86_64, r-release-linux-x86_64, r-release-macos-arm64, r-release-windows-x86_64
These binaries (installable software) and packages are in development.
They may not be fully stable and should be used with caution. We make no claims about them.
Health stats visible at Monitor.