CRAN Package Check Results for Package kedd

Last updated on 2025-05-15 09:52:23 CEST.

Flavor Version Tinstall Tcheck Ttotal Status Flags
r-devel-linux-x86_64-debian-clang 1.0.4 11.99 92.16 104.15 NOTE
r-devel-linux-x86_64-debian-gcc 1.0.4 7.36 66.49 73.85 NOTE
r-devel-linux-x86_64-fedora-clang 1.0.4 172.11 OK
r-devel-linux-x86_64-fedora-gcc 1.0.4 202.36 OK
r-devel-windows-x86_64 1.0.4 10.00 188.00 198.00 OK
r-patched-linux-x86_64 1.0.4 11.59 85.99 97.58 OK
r-release-linux-x86_64 1.0.4 11.68 87.48 99.16 OK
r-release-macos-arm64 1.0.4 58.00 OK
r-release-macos-x86_64 1.0.4 187.00 OK
r-release-windows-x86_64 1.0.4 11.00 190.00 201.00 OK
r-oldrel-macos-arm64 1.0.4 58.00 OK
r-oldrel-macos-x86_64 1.0.4 101.00 OK
r-oldrel-windows-x86_64 1.0.4 13.00 204.00 217.00 OK

Check Details

Version: 1.0.4
Check: CRAN incoming feasibility
Result: NOTE Maintainer: ‘Iago Giné-Vázquez <iago.gin-vaz@protonmail.com>’ The Description field contains in Arsalane Chouaib Guidoum (2020) <arXiv:2012.06102> [stat.CO]). Please refer to arXiv e-prints via their arXiv DOI <doi:10.48550/arXiv.YYMM.NNNNN>. Flavors: r-devel-linux-x86_64-debian-clang, r-devel-linux-x86_64-debian-gcc

These binaries (installable software) and packages are in development.
They may not be fully stable and should be used with caution. We make no claims about them.
Health stats visible at Monitor.