Last updated on 2025-05-15 07:49:42 CEST.
Flavor | Version | Tinstall | Tcheck | Ttotal | Status | Flags |
---|---|---|---|---|---|---|
r-devel-linux-x86_64-debian-clang | 0.1.0 | 1.69 | 28.45 | 30.14 | NOTE | |
r-devel-linux-x86_64-debian-gcc | 0.1.0 | 1.12 | 22.49 | 23.61 | NOTE | |
r-devel-linux-x86_64-fedora-clang | 0.1.0 | 46.07 | OK | |||
r-devel-linux-x86_64-fedora-gcc | 0.1.0 | 57.99 | OK | |||
r-devel-windows-x86_64 | 0.1.0 | 3.00 | 48.00 | 51.00 | OK | |
r-patched-linux-x86_64 | 0.1.0 | 1.87 | 26.01 | 27.88 | OK | |
r-release-linux-x86_64 | 0.1.0 | 1.69 | 25.93 | 27.62 | OK | |
r-release-macos-arm64 | 0.1.0 | OK | ||||
r-release-macos-x86_64 | 0.1.0 | 46.00 | OK | |||
r-release-windows-x86_64 | 0.1.0 | 3.00 | 52.00 | 55.00 | OK | |
r-oldrel-macos-arm64 | 0.1.0 | 25.00 | OK | |||
r-oldrel-macos-x86_64 | 0.1.0 | 35.00 | OK | |||
r-oldrel-windows-x86_64 | 0.1.0 | 3.00 | 53.00 | 56.00 | OK |
Version: 0.1.0
Check: CRAN incoming feasibility
Result: NOTE
Maintainer: ‘Thomas Wiemann <wiemann@uchicago.edu>’
The Description field contains
(2023) <arXiv:2311.17021> for expectation function estimation
Please refer to arXiv e-prints via their arXiv DOI <doi:10.48550/arXiv.YYMM.NNNNN>.
Flavors: r-devel-linux-x86_64-debian-clang, r-devel-linux-x86_64-debian-gcc
These binaries (installable software) and packages are in development.
They may not be fully stable and should be used with caution. We make no claims about them.
Health stats visible at Monitor.