Last updated on 2025-10-30 23:50:11 CET.
| Flavor | Version | Tinstall | Tcheck | Ttotal | Status | Flags | 
|---|---|---|---|---|---|---|
| r-devel-linux-x86_64-debian-clang | 0.1-0 | 7.51 | 55.73 | 63.24 | NOTE | |
| r-devel-linux-x86_64-debian-gcc | 0.1-0 | 5.78 | 45.48 | 51.26 | NOTE | |
| r-devel-linux-x86_64-fedora-clang | 0.1-0 | 45.00 | 50.44 | 95.44 | OK | |
| r-devel-linux-x86_64-fedora-gcc | 0.1-0 | 20.00 | 78.07 | 98.07 | OK | |
| r-devel-windows-x86_64 | 0.1-0 | 9.00 | 82.00 | 91.00 | OK | |
| r-patched-linux-x86_64 | 0.1-0 | 6.71 | 51.70 | 58.41 | OK | |
| r-release-linux-x86_64 | 0.1-0 | 7.13 | 51.05 | 58.18 | OK | |
| r-release-macos-arm64 | 0.1-0 | 5.00 | ERROR | |||
| r-release-macos-x86_64 | 0.1-0 | 6.00 | ERROR | |||
| r-release-windows-x86_64 | 0.1-0 | 10.00 | 85.00 | 95.00 | OK | |
| r-oldrel-macos-arm64 | 0.1-0 | 10.00 | ERROR | |||
| r-oldrel-macos-x86_64 | 0.1-0 | 11.00 | ERROR | |||
| r-oldrel-windows-x86_64 | 0.1-0 | 10.00 | 92.00 | 102.00 | OK | 
Version: 0.1-0
Check: CRAN incoming feasibility
Result: NOTE
  Maintainer: ‘Drew Schmidt <wrathematics@gmail.com>’
  
  Package CITATION file contains call(s) to old-style personList() or
  as.personList().  Please use c() on person objects instead.
  Package CITATION file contains call(s) to old-style citEntry().  Please
  use bibentry() instead.
Flavors: r-devel-linux-x86_64-debian-clang, r-devel-linux-x86_64-debian-gcc
Version: 0.1-0
Check: package dependencies
Result: ERROR
  Package required but not available: ‘pbdMPI’
  
  See section ‘The DESCRIPTION file’ in the ‘Writing R Extensions’
  manual.
Flavors: r-release-macos-arm64, r-release-macos-x86_64, r-oldrel-macos-arm64, r-oldrel-macos-x86_64
These binaries (installable software) and packages are in development.
They may not be fully stable and should be used with caution. We make no claims about them.
Health stats visible at Monitor.