CRAN Package Check Results for Package kStatistics

Last updated on 2025-05-15 07:49:42 CEST.

Flavor Version Tinstall Tcheck Ttotal Status Flags
r-devel-linux-x86_64-debian-clang 2.1.1 4.01 31.80 35.81 NOTE
r-devel-linux-x86_64-debian-gcc 2.1.1 2.48 22.95 25.43 NOTE
r-devel-linux-x86_64-fedora-clang 2.1.1 55.12 OK
r-devel-linux-x86_64-fedora-gcc 2.1.1 53.44 OK
r-devel-windows-x86_64 2.1.1 5.00 54.00 59.00 OK
r-patched-linux-x86_64 2.1.1 4.42 30.05 34.47 OK
r-release-linux-x86_64 2.1.1 3.10 29.58 32.68 OK
r-release-macos-arm64 2.1.1 OK
r-release-macos-x86_64 2.1.1 43.00 OK
r-release-windows-x86_64 2.1.1 5.00 59.00 64.00 OK
r-oldrel-macos-arm64 2.1.1 19.00 OK
r-oldrel-macos-x86_64 2.1.1 27.00 OK
r-oldrel-windows-x86_64 2.1.1 4.00 52.00 56.00 OK

Check Details

Version: 2.1.1
Check: CRAN incoming feasibility
Result: NOTE Maintainer: ‘Giuseppe Guarino <giuseppe.guarino@rete.basilicata.it>’ No Authors@R field in DESCRIPTION. Please add one, modifying Authors@R: c(person(given = c("Elvira", "Di"), family = "Nardo", role = "aut", email = "elvira.dinardo@unito.it"), person(given = "Giuseppe", family = "Guarino", role = c("aut", "cre"), email = "giuseppe.guarino@rete.basilicata.it")) as necessary. The Description field contains (2009) <arXiv:0807.5008>, <arXiv:1012.6008>. Please refer to arXiv e-prints via their arXiv DOI <doi:10.48550/arXiv.YYMM.NNNNN>. Flavors: r-devel-linux-x86_64-debian-clang, r-devel-linux-x86_64-debian-gcc

These binaries (installable software) and packages are in development.
They may not be fully stable and should be used with caution. We make no claims about them.
Health stats visible at Monitor.