CRAN Package Check Results for Package kDGLM

Last updated on 2025-04-16 11:50:02 CEST.

Flavor Version Tinstall Tcheck Ttotal Status Flags
r-devel-linux-x86_64-debian-clang 1.2.7 8.81 182.82 191.63 OK
r-devel-linux-x86_64-debian-gcc 1.2.7 5.70 122.39 128.09 OK
r-devel-linux-x86_64-fedora-clang 1.2.7 297.94 OK
r-devel-linux-x86_64-fedora-gcc 1.2.7 298.37 OK
r-devel-windows-x86_64 1.2.7 12.00 195.00 207.00 OK
r-patched-linux-x86_64 1.2.7 12.77 177.17 189.94 OK
r-release-linux-x86_64 1.2.7 9.83 177.13 186.96 OK
r-release-macos-arm64 1.2.7 105.00 OK
r-release-macos-x86_64 1.2.7 193.00 OK
r-release-windows-x86_64 1.2.7 13.00 199.00 212.00 OK
r-oldrel-macos-arm64 1.2.7 104.00 NOTE
r-oldrel-macos-x86_64 1.2.7 203.00 NOTE
r-oldrel-windows-x86_64 1.2.7 16.00 223.00 239.00 ERROR

Check Details

Version: 1.2.7
Check: installed package size
Result: NOTE installed size is 10.8Mb sub-directories of 1Mb or more: doc 9.9Mb Flavors: r-oldrel-macos-arm64, r-oldrel-macos-x86_64, r-oldrel-windows-x86_64

Version: 1.2.7
Check: re-building of vignette outputs
Result: ERROR Error(s) in re-building vignettes: --- re-building 'example1.Rmd' using rmarkdown Quitting from example1.Rmd:329-363 [unnamed-chunk-17] ~~~~~~~~~~~~~~~~~~~~~~~~~~~~~~~~~~~~~~~~~~~~~~~~~~~~~~~~~~~~~~~~~~~~~~~~~~~~~~~~ <error/rlang_error> Error in `UseMethod()`: ! no applicable method for 'left_join' applied to an object of class "NULL" --- Backtrace: ▆ 1. └─dplyr::left_join(...) ~~~~~~~~~~~~~~~~~~~~~~~~~~~~~~~~~~~~~~~~~~~~~~~~~~~~~~~~~~~~~~~~~~~~~~~~~~~~~~~~ Error: processing vignette 'example1.Rmd' failed with diagnostics: no applicable method for 'left_join' applied to an object of class "NULL" --- failed re-building 'example1.Rmd' --- re-building 'fitting.Rmd' using rmarkdown --- finished re-building 'fitting.Rmd' --- re-building 'intro.Rmd' using rmarkdown --- finished re-building 'intro.Rmd' --- re-building 'outcomes.Rmd' using rmarkdown --- finished re-building 'outcomes.Rmd' --- re-building 'structures.Rmd' using rmarkdown --- finished re-building 'structures.Rmd' SUMMARY: processing the following file failed: 'example1.Rmd' Error: Vignette re-building failed. Execution halted Flavor: r-oldrel-windows-x86_64

These binaries (installable software) and packages are in development.
They may not be fully stable and should be used with caution. We make no claims about them.
Health stats visible at Monitor.