Last updated on 2025-02-02 07:50:13 CET.
Flavor | Version | Tinstall | Tcheck | Ttotal | Status | Flags |
---|---|---|---|---|---|---|
r-devel-linux-x86_64-debian-clang | 1.1.2 | 14.53 | 215.76 | 230.29 | NOTE | |
r-devel-linux-x86_64-debian-gcc | 1.1.2 | 10.47 | 150.39 | 160.86 | NOTE | |
r-devel-linux-x86_64-fedora-clang | 1.1.2 | 399.10 | NOTE | |||
r-devel-linux-x86_64-fedora-gcc | 1.1.2 | 406.29 | NOTE | |||
r-devel-windows-x86_64 | 1.1.2 | 15.00 | 199.00 | 214.00 | NOTE | |
r-patched-linux-x86_64 | 1.1.2 | 13.18 | 202.04 | 215.22 | NOTE | |
r-release-linux-x86_64 | 1.1.2 | 13.85 | 203.31 | 217.16 | NOTE | |
r-release-macos-arm64 | 1.1.2 | 89.00 | NOTE | |||
r-release-macos-x86_64 | 1.1.2 | 191.00 | NOTE | |||
r-release-windows-x86_64 | 1.1.2 | 15.00 | 194.00 | 209.00 | NOTE | |
r-oldrel-macos-arm64 | 1.1.2 | 93.00 | OK | |||
r-oldrel-macos-x86_64 | 1.1.2 | 167.00 | OK | |||
r-oldrel-windows-x86_64 | 1.1.2 | 19.00 | 251.00 | 270.00 | OK |
Version: 1.1.2
Check: Rd files
Result: NOTE
checkRd: (-1) jrt.Rd:45-46: Lost braces
45 | \item{Difference models (more or less constrained versions of the
| ^
checkRd: (-1) jrt.Rd:54-55: Lost braces
54 | \item{Divide-by-total models (more or less constrained versions of the
| ^
Flavors: r-devel-linux-x86_64-debian-clang, r-devel-linux-x86_64-debian-gcc, r-devel-linux-x86_64-fedora-clang, r-devel-linux-x86_64-fedora-gcc, r-devel-windows-x86_64, r-patched-linux-x86_64, r-release-linux-x86_64, r-release-macos-arm64, r-release-macos-x86_64, r-release-windows-x86_64
These binaries (installable software) and packages are in development.
They may not be fully stable and should be used with caution. We make no claims about them.
Health stats visible at Monitor.