Last updated on 2025-02-23 15:49:45 CET.
Flavor | Version | Tinstall | Tcheck | Ttotal | Status | Flags |
---|---|---|---|---|---|---|
r-devel-linux-x86_64-debian-clang | 1.0.1 | 6.23 | 50.64 | 56.87 | NOTE | |
r-devel-linux-x86_64-debian-gcc | 1.0.1 | 4.09 | 36.02 | 40.11 | NOTE | |
r-devel-linux-x86_64-fedora-clang | 1.0.1 | 91.09 | NOTE | |||
r-devel-linux-x86_64-fedora-gcc | 1.0.1 | 87.77 | NOTE | |||
r-devel-macos-arm64 | 1.0.1 | 27.00 | NOTE | |||
r-devel-macos-x86_64 | 1.0.1 | 54.00 | NOTE | |||
r-devel-windows-x86_64 | 1.0.1 | 6.00 | 69.00 | 75.00 | NOTE | |
r-patched-linux-x86_64 | 1.0.1 | 6.74 | 47.75 | 54.49 | NOTE | |
r-release-linux-x86_64 | 1.0.1 | 6.16 | 48.59 | 54.75 | NOTE | |
r-release-macos-arm64 | 1.0.1 | 27.00 | NOTE | |||
r-release-macos-x86_64 | 1.0.1 | 39.00 | NOTE | |||
r-release-windows-x86_64 | 1.0.1 | 7.00 | 68.00 | 75.00 | NOTE | |
r-oldrel-macos-arm64 | 1.0.1 | 28.00 | OK | |||
r-oldrel-macos-x86_64 | 1.0.1 | 47.00 | OK | |||
r-oldrel-windows-x86_64 | 1.0.1 | 6.00 | 78.00 | 84.00 | OK |
Version: 1.0.1
Check: Rd files
Result: NOTE
checkRd: (-1) jmdem.control.Rd:42: Lost braces; missing escapes or markup?
42 | The control argument of \code{jmdem} is by default passed to the control argument of {jmdem.fit}, which uses its elements as arguments to {jmdem.control}: the latter provides defaults and sanity checking.
| ^
checkRd: (-1) jmdem.control.Rd:42: Lost braces; missing escapes or markup?
42 | The control argument of \code{jmdem} is by default passed to the control argument of {jmdem.fit}, which uses its elements as arguments to {jmdem.control}: the latter provides defaults and sanity checking.
| ^
Flavors: r-devel-linux-x86_64-debian-clang, r-devel-linux-x86_64-debian-gcc, r-devel-linux-x86_64-fedora-clang, r-devel-linux-x86_64-fedora-gcc, r-devel-macos-arm64, r-devel-macos-x86_64, r-devel-windows-x86_64, r-patched-linux-x86_64, r-release-linux-x86_64, r-release-macos-arm64, r-release-macos-x86_64, r-release-windows-x86_64
These binaries (installable software) and packages are in development.
They may not be fully stable and should be used with caution. We make no claims about them.
Health stats visible at Monitor.