CRAN Package Check Results for Package jlctree

Last updated on 2025-05-15 09:52:23 CEST.

Flavor Version Tinstall Tcheck Ttotal Status Flags
r-devel-linux-x86_64-debian-clang 0.0.2 8.80 69.45 78.25 NOTE
r-devel-linux-x86_64-debian-gcc 0.0.2 5.96 49.93 55.89 NOTE
r-devel-linux-x86_64-fedora-clang 0.0.2 120.27 NOTE
r-devel-linux-x86_64-fedora-gcc 0.0.2 116.23 NOTE
r-devel-windows-x86_64 0.0.2 9.00 80.00 89.00 NOTE
r-patched-linux-x86_64 0.0.2 8.10 65.89 73.99 NOTE
r-release-linux-x86_64 0.0.2 7.96 66.33 74.29 NOTE
r-release-macos-arm64 0.0.2 41.00 NOTE
r-release-macos-x86_64 0.0.2 72.00 NOTE
r-release-windows-x86_64 0.0.2 9.00 81.00 90.00 NOTE
r-oldrel-macos-arm64 0.0.2 36.00 NOTE
r-oldrel-macos-x86_64 0.0.2 65.00 NOTE
r-oldrel-windows-x86_64 0.0.2 12.00 98.00 110.00 NOTE

Check Details

Version: 0.0.2
Check: CRAN incoming feasibility
Result: NOTE Maintainer: ‘Ningshan Zhang <nzhang@stern.nyu.edu>’ No Authors@R field in DESCRIPTION. Please add one, modifying Authors@R: c(person(given = "Ningshan", family = "Zhang", role = c("aut", "cre"), email = "nzhang@stern.nyu.edu"), person(given = c("Jeffrey", "S."), family = "Simonoff", role = "aut")) as necessary. The Description field contains lack of association. See Zhang and Simonoff (2018) <arXiv:1812.01774>. Please refer to arXiv e-prints via their arXiv DOI <doi:10.48550/arXiv.YYMM.NNNNN>. Flavors: r-devel-linux-x86_64-debian-clang, r-devel-linux-x86_64-debian-gcc

Version: 0.0.2
Check: Rd files
Result: NOTE checkRd: (-1) data_timeinv.Rd:14: Lost braces; missing escapes or markup? 14 | \item{X5}{categorical covariate taking values from {1, 2, 3, 4, 5}; time-invariant} | ^ checkRd: (-1) data_timeinv.Rd:18: Lost braces; missing escapes or markup? 18 | \item{g}{true latent class identifier {1, 2, 3, 4}, which is determined by | ^ checkRd: (-1) data_timevar.Rd:15: Lost braces; missing escapes or markup? 15 | \item{X5}{categorical covariate taking values from {1, 2, 3, 4, 5}; time-varying} | ^ checkRd: (-1) data_timevar.Rd:20: Lost braces; missing escapes or markup? 20 | \item{g}{true latent class identifier {1, 2, 3, 4}, which is determined by | ^ Flavors: r-devel-linux-x86_64-debian-clang, r-devel-linux-x86_64-debian-gcc, r-devel-linux-x86_64-fedora-clang, r-devel-linux-x86_64-fedora-gcc, r-devel-windows-x86_64, r-patched-linux-x86_64, r-release-linux-x86_64, r-release-macos-arm64, r-release-macos-x86_64, r-release-windows-x86_64, r-oldrel-macos-arm64, r-oldrel-macos-x86_64, r-oldrel-windows-x86_64

Version: 0.0.2
Check: Rd cross-references
Result: NOTE Found the following Rd file(s) with Rd \link{} targets missing package anchors: jlctree.Rd: rpart.control Please provide package anchors for all Rd \link{} targets not in the package itself and the base packages. Flavors: r-devel-linux-x86_64-debian-clang, r-devel-linux-x86_64-debian-gcc, r-devel-windows-x86_64, r-patched-linux-x86_64, r-release-linux-x86_64, r-release-windows-x86_64

These binaries (installable software) and packages are in development.
They may not be fully stable and should be used with caution. We make no claims about them.
Health stats visible at Monitor.