Last updated on 2025-05-17 13:49:40 CEST.
Flavor | Version | Tinstall | Tcheck | Ttotal | Status | Flags |
---|---|---|---|---|---|---|
r-devel-linux-x86_64-debian-clang | 1.3.17 | 2.79 | 51.49 | 54.28 | OK | |
r-devel-linux-x86_64-debian-gcc | 1.3.17 | 2.25 | 36.50 | 38.75 | ERROR | |
r-devel-linux-x86_64-fedora-clang | 1.3.17 | 84.07 | OK | |||
r-devel-linux-x86_64-fedora-gcc | 1.3.17 | 81.11 | OK | |||
r-devel-windows-x86_64 | 1.3.17 | 6.00 | 68.00 | 74.00 | OK | |
r-patched-linux-x86_64 | 1.3.17 | 3.31 | 46.95 | 50.26 | OK | |
r-release-linux-x86_64 | 1.3.17 | 3.13 | 47.24 | 50.37 | OK | |
r-release-macos-arm64 | 1.3.17 | 25.00 | OK | |||
r-release-macos-x86_64 | 1.3.17 | 47.00 | OK | |||
r-release-windows-x86_64 | 1.3.17 | 5.00 | 73.00 | 78.00 | OK | |
r-oldrel-macos-arm64 | 1.3.17 | 26.00 | NOTE | |||
r-oldrel-macos-x86_64 | 1.3.17 | 45.00 | NOTE | |||
r-oldrel-windows-x86_64 | 1.3.17 | 7.00 | 87.00 | 94.00 | OK |
Version: 1.3.17
Check: tests
Result: ERROR
Running ‘testthat.R’ [11s/12s]
Running the tests in ‘tests/testthat.R’ failed.
Complete output:
> library(testthat)
> library(jackstraw)
>
> test_check("jackstraw")
[ FAIL 1 | WARN 0 | SKIP 0 | PASS 1129 ]
══ Failed tests ════════════════════════════════════════════════════════════════
── Failure ('test-jackstraw.R:1061:9'): efron_Rsq works ────────────────────────
all(r2 >= 0) is not TRUE
`actual`: FALSE
`expected`: TRUE
[ FAIL 1 | WARN 0 | SKIP 0 | PASS 1129 ]
Error: Test failures
Execution halted
Flavor: r-devel-linux-x86_64-debian-gcc
Version: 1.3.17
Check: package dependencies
Result: NOTE
Packages suggested but not available for checking: 'lfa', 'gcatest'
Flavors: r-oldrel-macos-arm64, r-oldrel-macos-x86_64
These binaries (installable software) and packages are in development.
They may not be fully stable and should be used with caution. We make no claims about them.
Health stats visible at Monitor.