Last updated on 2025-05-15 07:49:42 CEST.
Flavor | Version | Tinstall | Tcheck | Ttotal | Status | Flags |
---|---|---|---|---|---|---|
r-devel-linux-x86_64-debian-clang | 1.1.0 | 29.82 | 45.71 | 75.53 | NOTE | |
r-devel-linux-x86_64-debian-gcc | 1.1.0 | 20.61 | 34.04 | 54.65 | NOTE | |
r-devel-linux-x86_64-fedora-clang | 1.1.0 | 126.07 | NOTE | |||
r-devel-linux-x86_64-fedora-gcc | 1.1.0 | 133.35 | NOTE | |||
r-devel-windows-x86_64 | 1.1.0 | 35.00 | 82.00 | 117.00 | NOTE | |
r-patched-linux-x86_64 | 1.1.0 | 29.13 | 42.47 | 71.60 | NOTE | |
r-release-linux-x86_64 | 1.1.0 | 30.90 | 42.13 | 73.03 | NOTE | |
r-release-macos-arm64 | 1.1.0 | NOTE | ||||
r-release-macos-x86_64 | 1.1.0 | 62.00 | NOTE | |||
r-release-windows-x86_64 | 1.1.0 | 36.00 | 84.00 | 120.00 | NOTE | |
r-oldrel-macos-arm64 | 1.1.0 | 37.00 | NOTE | |||
r-oldrel-macos-x86_64 | 1.1.0 | 47.00 | NOTE | |||
r-oldrel-windows-x86_64 | 1.1.0 | 40.00 | 99.00 | 139.00 | NOTE |
Version: 1.1.0
Check: CRAN incoming feasibility
Result: NOTE
Maintainer: ‘Kostas Vasilopoulos <k.vasilopoulo@gmail.com>’
Package CITATION file contains call(s) to old-style personList() or
as.personList(). Please use c() on person objects instead.
Package CITATION file contains call(s) to old-style citEntry(). Please
use bibentry() instead.
Found the following URLs which should use \doi (with the DOI name only):
File ‘ivx-package.Rd’:
https://doi.org/10.1017/S0266466608090154
https://doi.org/10.1093/rfs/hhu139
Flavors: r-devel-linux-x86_64-debian-clang, r-devel-linux-x86_64-debian-gcc
Version: 1.1.0
Check: C++ specification
Result: NOTE
Specified C++11: please drop specification unless essential
Flavors: r-devel-linux-x86_64-debian-clang, r-devel-linux-x86_64-debian-gcc, r-devel-linux-x86_64-fedora-clang, r-devel-linux-x86_64-fedora-gcc, r-devel-windows-x86_64, r-patched-linux-x86_64, r-release-linux-x86_64, r-release-macos-arm64, r-release-macos-x86_64, r-release-windows-x86_64, r-oldrel-macos-arm64, r-oldrel-macos-x86_64, r-oldrel-windows-x86_64
These binaries (installable software) and packages are in development.
They may not be fully stable and should be used with caution. We make no claims about them.
Health stats visible at Monitor.