Last updated on 2025-02-23 15:49:45 CET.
Flavor | Version | Tinstall | Tcheck | Ttotal | Status | Flags |
---|---|---|---|---|---|---|
r-devel-linux-x86_64-debian-clang | 1.4.0 | 15.55 | 85.68 | 101.23 | NOTE | --no-vignettes |
r-devel-linux-x86_64-debian-gcc | 1.4.0 | 9.89 | 57.41 | 67.30 | NOTE | --no-vignettes |
r-devel-linux-x86_64-fedora-clang | 1.4.0 | 170.06 | NOTE | --no-vignettes | ||
r-devel-linux-x86_64-fedora-gcc | 1.4.0 | 160.00 | NOTE | --no-vignettes | ||
r-devel-macos-arm64 | 1.4.0 | 628.00 | NOTE | |||
r-devel-macos-x86_64 | 1.4.0 | 1441.00 | NOTE | |||
r-devel-windows-x86_64 | 1.4.0 | 15.00 | 125.00 | 140.00 | NOTE | --no-vignettes |
r-patched-linux-x86_64 | 1.4.0 | 16.01 | 80.26 | 96.27 | NOTE | --no-vignettes |
r-release-linux-x86_64 | 1.4.0 | 13.49 | 78.19 | 91.68 | NOTE | --no-vignettes |
r-release-macos-arm64 | 1.4.0 | 636.00 | NOTE | |||
r-release-macos-x86_64 | 1.4.0 | 1136.00 | NOTE | |||
r-release-windows-x86_64 | 1.4.0 | 14.00 | 127.00 | 141.00 | NOTE | --no-vignettes |
r-oldrel-macos-arm64 | 1.4.0 | 670.00 | NOTE | |||
r-oldrel-macos-x86_64 | 1.4.0 | 1354.00 | NOTE | |||
r-oldrel-windows-x86_64 | 1.4.0 | 14.00 | 133.00 | 147.00 | NOTE | --no-vignettes |
Version: 1.4.0
Flags: --no-vignettes
Check: Rd files
Result: NOTE
checkRd: (-1) sTsls.Rd:17: Lost braces; missing escapes or markup?
17 | \item{pi}{the matrix E[XZ']E[ZZ']^{-1}}
| ^
checkRd: (-1) sTslsSplines.Rd:20: Lost braces; missing escapes or markup?
20 | \item{pi}{matrix, corresponds to E[XZ']E[ZZ']^{-1}, the first stage
| ^
Flavors: r-devel-linux-x86_64-debian-clang, r-devel-linux-x86_64-debian-gcc, r-devel-linux-x86_64-fedora-clang, r-devel-linux-x86_64-fedora-gcc, r-devel-windows-x86_64, r-patched-linux-x86_64, r-release-linux-x86_64, r-release-windows-x86_64
Version: 1.4.0
Check: Rd files
Result: NOTE
checkRd: (-1) sTsls.Rd:17: Lost braces; missing escapes or markup?
17 | \item{pi}{the matrix E[XZ']E[ZZ']^{-1}}
| ^
checkRd: (-1) sTslsSplines.Rd:20: Lost braces; missing escapes or markup?
20 | \item{pi}{matrix, corresponds to E[XZ']E[ZZ']^{-1}, the first stage
| ^
Flavors: r-devel-macos-arm64, r-devel-macos-x86_64, r-release-macos-arm64, r-release-macos-x86_64
Version: 1.4.0
Flags: --no-vignettes
Check: package dependencies
Result: NOTE
Packages suggested but not available for checking: 'gurobi', 'cplexAPI'
Flavors: r-patched-linux-x86_64, r-release-linux-x86_64, r-release-windows-x86_64, r-oldrel-windows-x86_64
Version: 1.4.0
Check: package dependencies
Result: NOTE
Packages suggested but not available for checking: 'gurobi', 'cplexAPI'
Flavors: r-release-macos-arm64, r-release-macos-x86_64, r-oldrel-macos-arm64, r-oldrel-macos-x86_64
These binaries (installable software) and packages are in development.
They may not be fully stable and should be used with caution. We make no claims about them.
Health stats visible at Monitor.