Last updated on 2025-05-15 07:49:42 CEST.
Flavor | Version | Tinstall | Tcheck | Ttotal | Status | Flags |
---|---|---|---|---|---|---|
r-devel-linux-x86_64-debian-clang | 1.0.6 | 12.60 | 101.52 | 114.12 | NOTE | |
r-devel-linux-x86_64-debian-gcc | 1.0.6 | 7.94 | 70.63 | 78.57 | NOTE | |
r-devel-linux-x86_64-fedora-clang | 1.0.6 | 173.57 | OK | |||
r-devel-linux-x86_64-fedora-gcc | 1.0.6 | 169.93 | OK | |||
r-devel-windows-x86_64 | 1.0.6 | 13.00 | 103.00 | 116.00 | OK | |
r-patched-linux-x86_64 | 1.0.6 | 11.45 | 94.13 | 105.58 | OK | |
r-release-linux-x86_64 | 1.0.6 | 11.93 | 94.71 | 106.64 | OK | |
r-release-macos-arm64 | 1.0.6 | OK | ||||
r-release-macos-x86_64 | 1.0.6 | 89.00 | OK | |||
r-release-windows-x86_64 | 1.0.6 | 13.00 | 104.00 | 117.00 | OK | |
r-oldrel-macos-arm64 | 1.0.6 | 46.00 | OK | |||
r-oldrel-macos-x86_64 | 1.0.6 | 70.00 | OK | |||
r-oldrel-windows-x86_64 | 1.0.6 | 18.00 | 130.00 | 148.00 | OK |
Version: 1.0.6
Check: CRAN incoming feasibility
Result: NOTE
Maintainer: ‘Yiqing Xu <yiqingxu@stanford.edu>’
The Description field contains
<arXiv:2303.11399>, including bootstrapped confidence intervals,
Please refer to arXiv e-prints via their arXiv DOI <doi:10.48550/arXiv.YYMM.NNNNN>.
Flavors: r-devel-linux-x86_64-debian-clang, r-devel-linux-x86_64-debian-gcc
These binaries (installable software) and packages are in development.
They may not be fully stable and should be used with caution. We make no claims about them.
Health stats visible at Monitor.