Last updated on 2025-02-08 19:49:21 CET.
Flavor | Version | Tinstall | Tcheck | Ttotal | Status | Flags |
---|---|---|---|---|---|---|
r-devel-linux-x86_64-debian-clang | 2.4.1 | 11.26 | 104.12 | 115.38 | NOTE | |
r-devel-linux-x86_64-debian-gcc | 2.4.1 | 7.32 | 74.11 | 81.43 | NOTE | |
r-devel-linux-x86_64-fedora-clang | 2.4.1 | 189.77 | OK | |||
r-devel-linux-x86_64-fedora-gcc | 2.4.1 | 347.07 | OK | |||
r-devel-windows-x86_64 | 2.4.1 | 14.00 | 122.00 | 136.00 | NOTE | |
r-patched-linux-x86_64 | 2.4.1 | 17.39 | 99.64 | 117.03 | OK | |
r-release-linux-x86_64 | 2.4.1 | 12.55 | 98.39 | 110.94 | OK | |
r-release-macos-arm64 | 2.4.1 | 111.00 | OK | |||
r-release-macos-x86_64 | 2.4.1 | 173.00 | OK | |||
r-release-windows-x86_64 | 2.4.1 | 14.00 | 122.00 | 136.00 | OK | |
r-oldrel-macos-arm64 | 2.4.1 | 117.00 | OK | |||
r-oldrel-macos-x86_64 | 2.4.1 | 208.00 | OK | |||
r-oldrel-windows-x86_64 | 2.4.1 | 16.00 | 152.00 | 168.00 | OK |
Version: 2.4.1
Check: Rd cross-references
Result: NOTE
Found the following Rd file(s) with Rd \link{} targets missing package
anchors:
fvisgam.Rd: gradientLegend
plot_diff2.Rd: gradientLegend
plot_parametric.Rd: dotplot_error
plot_pca_surface.Rd: gradientLegend
plot_topo.Rd: gradientLegend
pvisgam.Rd: gradientLegend
Please provide package anchors for all Rd \link{} targets not in the
package itself and the base packages.
Flavors: r-devel-linux-x86_64-debian-clang, r-devel-linux-x86_64-debian-gcc, r-devel-windows-x86_64
These binaries (installable software) and packages are in development.
They may not be fully stable and should be used with caution. We make no claims about them.
Health stats visible at Monitor.