Last updated on 2025-02-23 15:49:45 CET.
Flavor | Version | Tinstall | Tcheck | Ttotal | Status | Flags |
---|---|---|---|---|---|---|
r-devel-linux-x86_64-debian-clang | 0.1.0 | 1.72 | 16.96 | 18.68 | NOTE | |
r-devel-linux-x86_64-debian-gcc | 0.1.0 | 1.42 | 14.11 | 15.53 | NOTE | |
r-devel-linux-x86_64-fedora-clang | 0.1.0 | 31.00 | NOTE | |||
r-devel-linux-x86_64-fedora-gcc | 0.1.0 | 28.28 | NOTE | |||
r-devel-macos-arm64 | 0.1.0 | 14.00 | NOTE | |||
r-devel-macos-x86_64 | 0.1.0 | 25.00 | NOTE | |||
r-devel-windows-x86_64 | 0.1.0 | 3.00 | 43.00 | 46.00 | NOTE | |
r-patched-linux-x86_64 | 0.1.0 | 1.58 | 16.10 | 17.68 | NOTE | |
r-release-linux-x86_64 | 0.1.0 | 1.43 | 16.41 | 17.84 | NOTE | |
r-release-macos-arm64 | 0.1.0 | 14.00 | NOTE | |||
r-release-macos-x86_64 | 0.1.0 | 19.00 | NOTE | |||
r-release-windows-x86_64 | 0.1.0 | 3.00 | 41.00 | 44.00 | NOTE | |
r-oldrel-macos-arm64 | 0.1.0 | 14.00 | OK | |||
r-oldrel-macos-x86_64 | 0.1.0 | 18.00 | OK | |||
r-oldrel-windows-x86_64 | 0.1.0 | 3.00 | 39.00 | 42.00 | OK |
Version: 0.1.0
Check: Rd files
Result: NOTE
checkRd: (-1) italy08.Rd:7: Lost braces
7 | \format{A data frame with 11 variables: \code{parent}, \code{sex}, \code{anasc}, \code{nascreg}, ' \code{cit}, \code{acom4c}, \code{studio}, code{q}, code{qual}, code{sett}, code{ireg}. There is an additional variable \code{id} that is the unique identifier for the data set.
| ^
checkRd: (-1) italy08.Rd:7: Lost braces
7 | \format{A data frame with 11 variables: \code{parent}, \code{sex}, \code{anasc}, \code{nascreg}, ' \code{cit}, \code{acom4c}, \code{studio}, code{q}, code{qual}, code{sett}, code{ireg}. There is an additional variable \code{id} that is the unique identifier for the data set.
| ^
checkRd: (-1) italy08.Rd:7: Lost braces
7 | \format{A data frame with 11 variables: \code{parent}, \code{sex}, \code{anasc}, \code{nascreg}, ' \code{cit}, \code{acom4c}, \code{studio}, code{q}, code{qual}, code{sett}, code{ireg}. There is an additional variable \code{id} that is the unique identifier for the data set.
| ^
checkRd: (-1) italy08.Rd:7: Lost braces
7 | \format{A data frame with 11 variables: \code{parent}, \code{sex}, \code{anasc}, \code{nascreg}, ' \code{cit}, \code{acom4c}, \code{studio}, code{q}, code{qual}, code{sett}, code{ireg}. There is an additional variable \code{id} that is the unique identifier for the data set.
| ^
checkRd: (-1) italy10.Rd:7: Lost braces
7 | \format{A data frame with 11 variables: \code{parent}, \code{sex}, \code{anasc}, \code{nascreg}, ' \code{cit}, \code{acom4c}, \code{studio}, code{q}, code{qual}, code{sett}, code{ireg}. There is an additional variable \code{id} that is the unique identifier for the data set.
| ^
checkRd: (-1) italy10.Rd:7: Lost braces
7 | \format{A data frame with 11 variables: \code{parent}, \code{sex}, \code{anasc}, \code{nascreg}, ' \code{cit}, \code{acom4c}, \code{studio}, code{q}, code{qual}, code{sett}, code{ireg}. There is an additional variable \code{id} that is the unique identifier for the data set.
| ^
checkRd: (-1) italy10.Rd:7: Lost braces
7 | \format{A data frame with 11 variables: \code{parent}, \code{sex}, \code{anasc}, \code{nascreg}, ' \code{cit}, \code{acom4c}, \code{studio}, code{q}, code{qual}, code{sett}, code{ireg}. There is an additional variable \code{id} that is the unique identifier for the data set.
| ^
checkRd: (-1) italy10.Rd:7: Lost braces
7 | \format{A data frame with 11 variables: \code{parent}, \code{sex}, \code{anasc}, \code{nascreg}, ' \code{cit}, \code{acom4c}, \code{studio}, code{q}, code{qual}, code{sett}, code{ireg}. There is an additional variable \code{id} that is the unique identifier for the data set.
| ^
Flavors: r-devel-linux-x86_64-debian-clang, r-devel-linux-x86_64-debian-gcc, r-devel-linux-x86_64-fedora-clang, r-devel-linux-x86_64-fedora-gcc, r-devel-macos-arm64, r-devel-macos-x86_64, r-devel-windows-x86_64, r-patched-linux-x86_64, r-release-linux-x86_64, r-release-macos-arm64, r-release-macos-x86_64, r-release-windows-x86_64
These binaries (installable software) and packages are in development.
They may not be fully stable and should be used with caution. We make no claims about them.
Health stats visible at Monitor.