Last updated on 2025-05-15 07:49:42 CEST.
Flavor | Version | Tinstall | Tcheck | Ttotal | Status | Flags |
---|---|---|---|---|---|---|
r-devel-linux-x86_64-debian-clang | 1.4.0 | 3.39 | 38.17 | 41.56 | NOTE | |
r-devel-linux-x86_64-debian-gcc | 1.4.0 | 2.47 | 29.09 | 31.56 | NOTE | |
r-devel-linux-x86_64-fedora-clang | 1.4.0 | 61.21 | OK | |||
r-devel-linux-x86_64-fedora-gcc | 1.4.0 | 60.68 | OK | |||
r-devel-windows-x86_64 | 1.4.0 | 5.00 | 65.00 | 70.00 | OK | |
r-patched-linux-x86_64 | 1.4.0 | 4.19 | 34.21 | 38.40 | OK | |
r-release-linux-x86_64 | 1.4.0 | 3.47 | 34.52 | 37.99 | OK | |
r-release-macos-arm64 | 1.4.0 | OK | ||||
r-release-macos-x86_64 | 1.4.0 | 38.00 | OK | |||
r-release-windows-x86_64 | 1.4.0 | 5.00 | 66.00 | 71.00 | OK | |
r-oldrel-macos-arm64 | 1.4.0 | 28.00 | OK | |||
r-oldrel-macos-x86_64 | 1.4.0 | 43.00 | OK | |||
r-oldrel-windows-x86_64 | 1.4.0 | 6.00 | 74.00 | 80.00 | OK |
Version: 1.4.0
Check: DESCRIPTION meta-information
Result: NOTE
Author field differs from that derived from Authors@R
Author: ‘Nicolas Frerebeau [aut, cre] (<https://orcid.org/0000-0001-5759-4944>), Brice Lebrun [art] (<https://orcid.org/0000-0001-7503-8685>, Logo designer), Université Bordeaux Montaigne [fnd] (03pbgwk21), CNRS [fnd] (02feahw73)’
Authors@R: ‘Nicolas Frerebeau [aut, cre] (ORCID: <https://orcid.org/0000-0001-5759-4944>), Brice Lebrun [art] (ORCID: <https://orcid.org/0000-0001-7503-8685>, Logo designer), Université Bordeaux Montaigne [fnd] (ROR: <https://ror.org/03pbgwk21>), CNRS [fnd] (ROR: <https://ror.org/02feahw73>)’
Flavors: r-devel-linux-x86_64-debian-clang, r-devel-linux-x86_64-debian-gcc
These binaries (installable software) and packages are in development.
They may not be fully stable and should be used with caution. We make no claims about them.
Health stats visible at Monitor.