Last updated on 2024-05-02 13:50:00 CEST.
Flavor | Version | Tinstall | Tcheck | Ttotal | Status | Flags |
---|---|---|---|---|---|---|
r-devel-linux-x86_64-debian-clang | 0.2.0 | 35.22 | 203.78 | 239.00 | NOTE | |
r-devel-linux-x86_64-debian-gcc | 0.2.0 | 24.71 | 146.83 | 171.54 | NOTE | |
r-devel-linux-x86_64-fedora-clang | 0.2.0 | 295.10 | NOTE | |||
r-devel-linux-x86_64-fedora-gcc | 0.2.0 | 280.99 | NOTE | |||
r-devel-windows-x86_64 | 0.2.0 | 29.00 | 160.00 | 189.00 | NOTE | |
r-patched-linux-x86_64 | 0.2.0 | 32.74 | 197.91 | 230.65 | NOTE | |
r-release-linux-x86_64 | 0.2.0 | 22.00 | 189.73 | 211.73 | NOTE | |
r-release-macos-arm64 | 0.2.0 | 76.00 | NOTE | |||
r-release-windows-x86_64 | 0.2.0 | 28.00 | 153.00 | 181.00 | NOTE | |
r-oldrel-macos-arm64 | 0.2.0 | 70.00 | OK | |||
r-oldrel-macos-x86_64 | 0.2.0 | 150.00 | OK | |||
r-oldrel-windows-x86_64 | 0.2.0 | 39.00 | 202.00 | 241.00 | OK |
Version: 0.2.0
Check: Rd files
Result: NOTE
checkRd: (-1) est_mg.Rd:284: Lost braces
284 | item parameter estimates across the groups in the code{\link{est_mg}} function.
| ^
checkRd: (-1) llike_score.Rd:22: Lost braces
22 | function. See \code{\link{est_irt}}, \code{\link{irtfit}}, \\code{\link{info}},
| ^
Flavors: r-devel-linux-x86_64-debian-clang, r-devel-linux-x86_64-debian-gcc, r-devel-linux-x86_64-fedora-clang, r-devel-linux-x86_64-fedora-gcc, r-devel-windows-x86_64, r-patched-linux-x86_64, r-release-linux-x86_64, r-release-macos-arm64, r-release-windows-x86_64
These binaries (installable software) and packages are in development.
They may not be fully stable and should be used with caution. We make no claims about them.
Health stats visible at Monitor.