Last updated on 2025-10-31 07:51:48 CET.
| Flavor | Version | Tinstall | Tcheck | Ttotal | Status | Flags | 
|---|---|---|---|---|---|---|
| r-devel-linux-x86_64-debian-clang | 0.3-5 | 5.30 | 29.13 | 34.43 | NOTE | |
| r-devel-linux-x86_64-debian-gcc | 0.3-5 | 4.52 | 23.15 | 27.67 | NOTE | |
| r-devel-linux-x86_64-fedora-clang | 0.3-5 | 21.00 | 30.68 | 51.68 | NOTE | |
| r-devel-linux-x86_64-fedora-gcc | 0.3-5 | 14.00 | 35.22 | 49.22 | NOTE | |
| r-devel-windows-x86_64 | 0.3-5 | 11.00 | 59.00 | 70.00 | NOTE | |
| r-patched-linux-x86_64 | 0.3-5 | 5.33 | 27.59 | 32.92 | NOTE | |
| r-release-linux-x86_64 | 0.3-5 | 5.26 | 27.51 | 32.77 | NOTE | |
| r-release-macos-arm64 | 0.3-5 | 4.00 | 18.00 | 22.00 | NOTE | |
| r-release-macos-x86_64 | 0.3-5 | 5.00 | 32.00 | 37.00 | NOTE | |
| r-release-windows-x86_64 | 0.3-5 | 13.00 | 65.00 | 78.00 | NOTE | |
| r-oldrel-macos-arm64 | 0.3-5 | 4.00 | 18.00 | 22.00 | NOTE | |
| r-oldrel-macos-x86_64 | 0.3-5 | 4.00 | 27.00 | 31.00 | NOTE | |
| r-oldrel-windows-x86_64 | 0.3-5 | 11.00 | 61.00 | 72.00 | NOTE | 
Version: 0.3-5
Check: CRAN incoming feasibility
Result: NOTE
  Maintainer: ‘Simon Urbanek <Simon.Urbanek@r-project.org>’
  
  No Authors@R field in DESCRIPTION.
  Please add one, modifying
    Authors@R: c(person(given = "Simon",
                        family = "Urbanek",
                        role = c("aut", "cre"),
                        email = "Simon.Urbanek@r-project.org"),
                 person(given = "Taylor",
                        family = "Arnold",
                        role = "aut",
                        email = "taylor.arnold@acm.org"))
  as necessary.
Flavors: r-devel-linux-x86_64-debian-clang, r-devel-linux-x86_64-debian-gcc
Version: 0.3-5
Check: compiled code
Result: NOTE
  File ‘iotools/libs/iotools.so’:
    Found non-API calls to R: ‘DATAPTR’, ‘NAMED’, ‘SETLENGTH’,
      ‘SET_NAMED’
  
  Compiled code should not call non-API entry points in R.
  
  See ‘Writing portable packages’ in the ‘Writing R Extensions’ manual,
  and section ‘Moving into C API compliance’ for issues with the use of
  non-API entry points.
Flavors: r-devel-linux-x86_64-debian-clang, r-devel-linux-x86_64-debian-gcc
Version: 0.3-5
Check: compiled code
Result: NOTE
  File ‘iotools/libs/iotools.so’:
    Found non-API calls to R: ‘DATAPTR’, ‘NAMED’, ‘SETLENGTH’,
      ‘SET_NAMED’
  File ‘iotools/libs/iotools.so’:
    Found no calls to: ‘R_registerRoutines’, ‘R_useDynamicSymbols’
  
  Compiled code should not call non-API entry points in R.
  It is good practice to register native routines and to disable symbol
  search.
  
  See ‘Writing portable packages’ in the ‘Writing R Extensions’ manual,
  and section ‘Moving into C API compliance’ for issues with the use of
  non-API entry points.
Flavors: r-devel-linux-x86_64-fedora-clang, r-devel-linux-x86_64-fedora-gcc
Version: 0.3-5
Check: compiled code
Result: NOTE
  File 'iotools/libs/x64/iotools.dll':
    Found non-API calls to R: 'DATAPTR', 'NAMED', 'SETLENGTH',
      'SET_NAMED'
  
  Compiled code should not call non-API entry points in R.
  
  See 'Writing portable packages' in the 'Writing R Extensions' manual,
  and section 'Moving into C API compliance' for issues with the use of
  non-API entry points.
Flavor: r-devel-windows-x86_64
Version: 0.3-5
Check: compiled code
Result: NOTE
  File ‘iotools/libs/iotools.so’:
    Found non-API calls to R: ‘DATAPTR’, ‘NAMED’, ‘R_GetConnection’,
      ‘R_ReadConnection’, ‘R_WriteConnection’, ‘SETLENGTH’, ‘SET_NAMED’
  
  Compiled code should not call non-API entry points in R.
  
  See ‘Writing portable packages’ in the ‘Writing R Extensions’ manual,
  and section ‘Moving into C API compliance’ for issues with the use of
  non-API entry points.
Flavors: r-patched-linux-x86_64, r-release-linux-x86_64, r-release-macos-arm64, r-release-macos-x86_64
Version: 0.3-5
Check: compiled code
Result: NOTE
  File 'iotools/libs/x64/iotools.dll':
    Found non-API calls to R: 'DATAPTR', 'NAMED', 'R_GetConnection',
      'R_ReadConnection', 'R_WriteConnection', 'SETLENGTH', 'SET_NAMED'
  
  Compiled code should not call non-API entry points in R.
  
  See 'Writing portable packages' in the 'Writing R Extensions' manual,
  and section 'Moving into C API compliance' for issues with the use of
  non-API entry points.
Flavor: r-release-windows-x86_64
Version: 0.3-5
Check: compiled code
Result: NOTE
  File ‘iotools/libs/iotools.so’:
    Found non-API calls to R: ‘R_GetConnection’, ‘R_ReadConnection’,
      ‘R_WriteConnection’
  
  Compiled code should not call non-API entry points in R.
  
  See ‘Writing portable packages’ in the ‘Writing R Extensions’ manual.
Flavors: r-oldrel-macos-arm64, r-oldrel-macos-x86_64
Version: 0.3-5
Check: compiled code
Result: NOTE
  File 'iotools/libs/x64/iotools.dll':
    Found non-API calls to R: 'R_GetConnection', 'R_ReadConnection',
      'R_WriteConnection'
  
  Compiled code should not call non-API entry points in R.
  
  See 'Writing portable packages' in the 'Writing R Extensions' manual.
Flavor: r-oldrel-windows-x86_64
These binaries (installable software) and packages are in development.
They may not be fully stable and should be used with caution. We make no claims about them.
Health stats visible at Monitor.