Last updated on 2025-05-15 07:49:42 CEST.
Flavor | Version | Tinstall | Tcheck | Ttotal | Status | Flags |
---|---|---|---|---|---|---|
r-devel-linux-x86_64-debian-clang | 0.3.0 | 2.10 | 30.54 | 32.64 | NOTE | |
r-devel-linux-x86_64-debian-gcc | 0.3.0 | 1.53 | 23.49 | 25.02 | NOTE | |
r-devel-linux-x86_64-fedora-clang | 0.3.0 | 50.92 | OK | |||
r-devel-linux-x86_64-fedora-gcc | 0.3.0 | 50.66 | OK | |||
r-devel-windows-x86_64 | 0.3.0 | 3.00 | 54.00 | 57.00 | OK | |
r-patched-linux-x86_64 | 0.3.0 | 2.59 | 29.56 | 32.15 | OK | |
r-release-linux-x86_64 | 0.3.0 | 2.48 | 29.44 | 31.92 | OK | |
r-release-macos-arm64 | 0.3.0 | OK | ||||
r-release-macos-x86_64 | 0.3.0 | 36.00 | OK | |||
r-release-windows-x86_64 | 0.3.0 | 4.00 | 54.00 | 58.00 | OK | |
r-oldrel-macos-arm64 | 0.3.0 | 20.00 | NOTE | |||
r-oldrel-macos-x86_64 | 0.3.0 | 30.00 | NOTE | |||
r-oldrel-windows-x86_64 | 0.3.0 | 4.00 | 58.00 | 62.00 | NOTE |
Version: 0.3.0
Check: CRAN incoming feasibility
Result: NOTE
Maintainer: ‘Uku Vainik <ukuvainik@gmail.com>’
No Authors@R field in DESCRIPTION.
Please add one, modifying
Authors@R: c(person(given = "Uku",
family = "Vainik",
role = c("aut", "cre"),
email = "ukuvainik@gmail.com"),
person(given = "Rene",
family = "Mottus",
role = "aut",
email = "rene.mottus@ed.ac.uk"))
as necessary.
Package CITATION file contains call(s) to old-style citEntry(). Please
use bibentry() instead.
The Description field contains
Personality Facets and BMI",European Journal of Personality DOI:
<10.1002/per.2009> .
Please write DOIs as <doi:prefix/suffix>.
The URL field contains the following bad parts:
www.ut.ee/uku.vainik/ion/
The URL field should be a list of URLs separated by commas or
whitespace.
Flavors: r-devel-linux-x86_64-debian-clang, r-devel-linux-x86_64-debian-gcc
Version: 0.3.0
Check: LazyData
Result: NOTE
'LazyData' is specified without a 'data' directory
Flavors: r-oldrel-macos-arm64, r-oldrel-macos-x86_64, r-oldrel-windows-x86_64
These binaries (installable software) and packages are in development.
They may not be fully stable and should be used with caution. We make no claims about them.
Health stats visible at Monitor.