Last updated on 2025-05-03 22:49:57 CEST.
Flavor | Version | Tinstall | Tcheck | Ttotal | Status | Flags |
---|---|---|---|---|---|---|
r-devel-linux-x86_64-debian-clang | 1.1.1 | 39.56 | 97.91 | 137.47 | NOTE | |
r-devel-linux-x86_64-debian-gcc | 1.1.1 | 21.93 | 62.07 | 84.00 | NOTE | |
r-devel-linux-x86_64-fedora-clang | 1.1.1 | 204.82 | OK | |||
r-devel-linux-x86_64-fedora-gcc | 1.1.1 | 205.17 | OK | |||
r-devel-windows-x86_64 | 1.1.1 | 39.00 | 108.00 | 147.00 | OK | |
r-patched-linux-x86_64 | 1.1.1 | 36.12 | 90.59 | 126.71 | OK | |
r-release-linux-x86_64 | OK | |||||
r-release-macos-arm64 | 1.1.1 | 53.00 | OK | |||
r-release-macos-x86_64 | 1.1.1 | 106.00 | OK | |||
r-release-windows-x86_64 | 1.1.1 | 41.00 | 108.00 | 149.00 | OK | |
r-oldrel-macos-arm64 | 1.1.1 | 51.00 | OK | |||
r-oldrel-macos-x86_64 | 1.1.1 | 78.00 | OK | |||
r-oldrel-windows-x86_64 | 1.1.1 | 54.00 | 135.00 | 189.00 | OK |
Version: 1.1.1
Check: CRAN incoming feasibility
Result: NOTE
Maintainer: ‘Haytham Omar <haytham@rescaleanalytics.com>’
Found the following (possibly) invalid URLs:
URL: isbn10: 135–136, 152
From: DESCRIPTION
Message: Invalid URI scheme
Flavors: r-devel-linux-x86_64-debian-clang, r-devel-linux-x86_64-debian-gcc
These binaries (installable software) and packages are in development.
They may not be fully stable and should be used with caution. We make no claims about them.
Health stats visible at Monitor.