Last updated on 2025-02-23 15:49:45 CET.
Flavor | Version | Tinstall | Tcheck | Ttotal | Status | Flags |
---|---|---|---|---|---|---|
r-devel-linux-x86_64-debian-clang | 1.0.1 | 64.80 | 356.63 | 421.43 | NOTE | |
r-devel-linux-x86_64-debian-gcc | 1.0.1 | 43.74 | 241.57 | 285.31 | NOTE | |
r-devel-linux-x86_64-fedora-clang | 1.0.1 | 715.46 | NOTE | |||
r-devel-linux-x86_64-fedora-gcc | 1.0.1 | 2497.54 | ERROR | |||
r-devel-macos-arm64 | 1.0.1 | 172.00 | NOTE | |||
r-devel-macos-x86_64 | 1.0.1 | 452.00 | NOTE | |||
r-devel-windows-x86_64 | 1.0.1 | 62.00 | 315.00 | 377.00 | NOTE | |
r-patched-linux-x86_64 | 1.0.1 | 62.16 | 360.69 | 422.85 | NOTE | |
r-release-linux-x86_64 | 1.0.1 | 66.77 | 348.78 | 415.55 | NOTE | |
r-release-macos-arm64 | 1.0.1 | 173.00 | NOTE | |||
r-release-macos-x86_64 | 1.0.1 | 304.00 | NOTE | |||
r-release-windows-x86_64 | 1.0.1 | 65.00 | 310.00 | 375.00 | NOTE | |
r-oldrel-macos-arm64 | 1.0.1 | 189.00 | NOTE | |||
r-oldrel-macos-x86_64 | 1.0.1 | 366.00 | NOTE | |||
r-oldrel-windows-x86_64 | 1.0.1 | 83.00 | 434.00 | 517.00 | NOTE |
Version: 1.0.1
Check: C++ specification
Result: NOTE
Specified C++11: please drop specification unless essential
Flavors: r-devel-linux-x86_64-debian-clang, r-devel-linux-x86_64-debian-gcc, r-devel-linux-x86_64-fedora-clang, r-devel-linux-x86_64-fedora-gcc, r-devel-macos-arm64, r-devel-macos-x86_64, r-devel-windows-x86_64, r-patched-linux-x86_64, r-release-linux-x86_64, r-release-macos-arm64, r-release-macos-x86_64, r-release-windows-x86_64, r-oldrel-macos-arm64, r-oldrel-macos-x86_64, r-oldrel-windows-x86_64
Version: 1.0.1
Check: tests
Result: ERROR
Running ‘testthat.R’ [31m/21m]
Running the tests in ‘tests/testthat.R’ failed.
Complete output:
> library(testthat)
> library(intkrige)
Loading required package: sp
Loading required package: gstat
Loading required package: raster
>
> test_check("intkrige")
Flavor: r-devel-linux-x86_64-fedora-gcc
These binaries (installable software) and packages are in development.
They may not be fully stable and should be used with caution. We make no claims about them.
Health stats visible at Monitor.