Last updated on 2025-02-02 07:50:13 CET.
Flavor | Version | Tinstall | Tcheck | Ttotal | Status | Flags |
---|---|---|---|---|---|---|
r-devel-linux-x86_64-debian-clang | 0.2.0 | 2.20 | 38.84 | 41.04 | NOTE | |
r-devel-linux-x86_64-debian-gcc | 0.2.0 | 1.73 | 28.88 | 30.61 | NOTE | |
r-devel-linux-x86_64-fedora-clang | 0.2.0 | 68.37 | NOTE | |||
r-devel-linux-x86_64-fedora-gcc | 0.2.0 | 78.65 | NOTE | |||
r-devel-windows-x86_64 | 0.2.0 | 3.00 | 63.00 | 66.00 | NOTE | |
r-patched-linux-x86_64 | 0.2.0 | 2.28 | 36.16 | 38.44 | NOTE | |
r-release-linux-x86_64 | 0.2.0 | 2.01 | 37.34 | 39.35 | NOTE | |
r-release-macos-arm64 | 0.2.0 | 29.00 | NOTE | |||
r-release-macos-x86_64 | 0.2.0 | 56.00 | NOTE | |||
r-release-windows-x86_64 | 0.2.0 | 4.00 | 64.00 | 68.00 | NOTE | |
r-oldrel-macos-arm64 | 0.2.0 | 31.00 | OK | |||
r-oldrel-macos-x86_64 | 0.2.0 | 40.00 | OK | |||
r-oldrel-windows-x86_64 | 0.2.0 | 4.00 | 65.00 | 69.00 | OK |
Version: 0.2.0
Check: Rd files
Result: NOTE
checkRd: (-1) remit.Rd:32: Lost braces
32 | A data set to replicate the findings of Escrib\`{a}-Folch,
| ^
checkRd: (-1) remit.Rd:38: Lost braces
38 | Escrib\`{a}-Folch, A., Meseguer, C. and Wright, J. (2018), Remittances and Protest in Dictatorships. American Journal of Political Science, 62: 889-904. \doi{10.1111/ajps.12382}
| ^
Flavors: r-devel-linux-x86_64-debian-clang, r-devel-linux-x86_64-debian-gcc, r-devel-linux-x86_64-fedora-clang, r-devel-linux-x86_64-fedora-gcc, r-devel-windows-x86_64, r-patched-linux-x86_64, r-release-linux-x86_64, r-release-macos-arm64, r-release-macos-x86_64, r-release-windows-x86_64
These binaries (installable software) and packages are in development.
They may not be fully stable and should be used with caution. We make no claims about them.
Health stats visible at Monitor.