Last updated on 2025-05-03 22:49:57 CEST.
Flavor | Version | Tinstall | Tcheck | Ttotal | Status | Flags |
---|---|---|---|---|---|---|
r-devel-linux-x86_64-debian-clang | 0.2.5 | 2.19 | 20.10 | 22.29 | NOTE | |
r-devel-linux-x86_64-debian-gcc | 0.2.5 | 1.60 | 16.09 | 17.69 | NOTE | |
r-devel-linux-x86_64-fedora-clang | 0.2.5 | 34.99 | OK | |||
r-devel-linux-x86_64-fedora-gcc | 0.2.5 | 33.80 | OK | |||
r-devel-windows-x86_64 | 0.2.5 | 3.00 | 64.00 | 67.00 | OK | |
r-patched-linux-x86_64 | 0.2.5 | 2.18 | 19.50 | 21.68 | OK | |
r-release-linux-x86_64 | OK | |||||
r-release-macos-arm64 | 0.2.5 | 17.00 | OK | |||
r-release-macos-x86_64 | 0.2.5 | 31.00 | OK | |||
r-release-windows-x86_64 | 0.2.5 | 4.00 | 42.00 | 46.00 | OK | |
r-oldrel-macos-arm64 | 0.2.5 | 16.00 | OK | |||
r-oldrel-macos-x86_64 | 0.2.5 | 28.00 | OK | |||
r-oldrel-windows-x86_64 | 0.2.5 | 3.00 | 44.00 | 47.00 | OK |
Version: 0.2.5
Check: CRAN incoming feasibility
Result: NOTE
Maintainer: ‘Michel Ballings <michel.ballings@GMail.com>’
No Authors@R field in DESCRIPTION.
Please add one, modifying
Authors@R: c(person(given = "Michel",
family = "Ballings",
role = c("aut", "cre"),
email = "michel.ballings@gmail.com"),
person(given = "Dirk",
family = "Van den Poel",
role = "aut"))
as necessary.
Flavors: r-devel-linux-x86_64-debian-clang, r-devel-linux-x86_64-debian-gcc
These binaries (installable software) and packages are in development.
They may not be fully stable and should be used with caution. We make no claims about them.
Health stats visible at Monitor.