Last updated on 2025-02-08 19:49:21 CET.
Flavor | Version | Tinstall | Tcheck | Ttotal | Status | Flags |
---|---|---|---|---|---|---|
r-devel-linux-x86_64-debian-clang | 1.0.1 | 9.53 | 85.66 | 95.19 | NOTE | |
r-devel-linux-x86_64-debian-gcc | 1.0.1 | 6.83 | 59.19 | 66.02 | NOTE | |
r-devel-linux-x86_64-fedora-clang | 1.0.1 | 151.23 | NOTE | |||
r-devel-linux-x86_64-fedora-gcc | 1.0.1 | 144.06 | NOTE | |||
r-devel-windows-x86_64 | 1.0.1 | 9.00 | 98.00 | 107.00 | NOTE | |
r-patched-linux-x86_64 | 1.0.1 | 9.69 | 82.67 | 92.36 | NOTE | |
r-release-linux-x86_64 | 1.0.1 | 8.21 | 81.83 | 90.04 | NOTE | |
r-release-macos-arm64 | 1.0.1 | 44.00 | NOTE | |||
r-release-macos-x86_64 | 1.0.1 | 61.00 | NOTE | |||
r-release-windows-x86_64 | 1.0.1 | 10.00 | 96.00 | 106.00 | NOTE | |
r-oldrel-macos-arm64 | 1.0.1 | 48.00 | OK | |||
r-oldrel-macos-x86_64 | 1.0.1 | 75.00 | OK | |||
r-oldrel-windows-x86_64 | 1.0.1 | 11.00 | 122.00 | 133.00 | OK |
Version: 1.0.1
Check: Rd files
Result: NOTE
checkRd: (-1) intRvals-package.Rd:60: Lost braces
60 | B\'{e}dard, J. & Gauthier, G. 1986. Assessment of faecal output in geese. Journal of Applied Ecology, 23, 77-90.
| ^
checkRd: (-1) partition.Rd:64: Lost braces
64 | Bates, D., M\"{a}chler, M., Bolker, B.M. & Walker, S.C. (2015). Fitting linear mixed-effects models using lme4. Journal of Statistical Software, 67, 1-48.
| ^
Flavors: r-devel-linux-x86_64-debian-clang, r-devel-linux-x86_64-debian-gcc, r-devel-linux-x86_64-fedora-clang, r-devel-linux-x86_64-fedora-gcc, r-devel-windows-x86_64, r-patched-linux-x86_64, r-release-linux-x86_64, r-release-macos-arm64, r-release-macos-x86_64, r-release-windows-x86_64
These binaries (installable software) and packages are in development.
They may not be fully stable and should be used with caution. We make no claims about them.
Health stats visible at Monitor.