Last updated on 2025-02-23 19:51:08 CET.
Flavor | Version | Tinstall | Tcheck | Ttotal | Status | Flags |
---|---|---|---|---|---|---|
r-devel-linux-x86_64-debian-clang | 0.23.4 | 5.23 | 49.86 | 55.09 | NOTE | |
r-devel-linux-x86_64-debian-gcc | 0.23.4 | 3.63 | 35.26 | 38.89 | NOTE | |
r-devel-linux-x86_64-fedora-clang | 0.23.4 | 86.11 | NOTE | |||
r-devel-linux-x86_64-fedora-gcc | 0.23.4 | 95.69 | NOTE | |||
r-devel-macos-arm64 | 0.23.4 | 38.00 | NOTE | |||
r-devel-macos-x86_64 | 0.23.4 | 71.00 | NOTE | |||
r-devel-windows-x86_64 | 0.23.4 | 7.00 | 84.00 | 91.00 | NOTE | |
r-patched-linux-x86_64 | 0.23.4 | 7.20 | 48.43 | 55.63 | NOTE | |
r-release-linux-x86_64 | 0.23.4 | 5.11 | 46.82 | 51.93 | NOTE | |
r-release-macos-arm64 | 0.23.4 | 35.00 | NOTE | |||
r-release-macos-x86_64 | 0.23.4 | 47.00 | NOTE | |||
r-release-windows-x86_64 | 0.23.4 | 7.00 | 82.00 | 89.00 | NOTE | |
r-oldrel-macos-arm64 | 0.23.4 | 34.00 | OK | |||
r-oldrel-macos-x86_64 | 0.23.4 | 48.00 | OK | |||
r-oldrel-windows-x86_64 | 0.23.4 | 9.00 | 92.00 | 101.00 | OK |
Version: 0.23.4
Check: Rd files
Result: NOTE
checkRd: (-1) ask.user.yn.question.Rd:44: Lost braces; missing escapes or markup?
44 | menu in the {utils} package, yesno in the {devtools} package.
| ^
checkRd: (-1) ask.user.yn.question.Rd:44: Lost braces; missing escapes or markup?
44 | menu in the {utils} package, yesno in the {devtools} package.
| ^
checkRd: (-1) install.FFmpeg.Rd:25: Lost braces; missing escapes or markup?
25 | This function is useful for saveVideo() in the {animation} package.
| ^
checkRd: (-1) install.SWFTools.Rd:27: Lost braces; missing escapes or markup?
27 | This function is useful for saveSWF() in the {animation} package.
| ^
checkRd: (-1) os.shutdown.Rd:25: Lost braces; missing escapes or markup?
25 | This function is a modified version of Yihui's shutdown function from the {fun} package.
| ^
Flavors: r-devel-linux-x86_64-debian-clang, r-devel-linux-x86_64-debian-gcc, r-devel-linux-x86_64-fedora-clang, r-devel-linux-x86_64-fedora-gcc, r-devel-macos-arm64, r-devel-macos-x86_64, r-devel-windows-x86_64, r-patched-linux-x86_64, r-release-linux-x86_64, r-release-macos-arm64, r-release-macos-x86_64, r-release-windows-x86_64
Version: 0.23.4
Check: for non-standard things in the check directory
Result: NOTE
Found the following files/directories:
‘pkgbuild’
Flavor: r-devel-linux-x86_64-fedora-gcc
These binaries (installable software) and packages are in development.
They may not be fully stable and should be used with caution. We make no claims about them.
Health stats visible at Monitor.