Last updated on 2025-10-09 21:50:20 CEST.
Flavor | Version | Tinstall | Tcheck | Ttotal | Status | Flags |
---|---|---|---|---|---|---|
r-devel-linux-x86_64-debian-clang | 1.4.2 | 33.14 | 541.47 | 574.61 | OK | |
r-devel-linux-x86_64-debian-gcc | 1.4.2 | 18.86 | 340.90 | 359.76 | OK | |
r-devel-linux-x86_64-fedora-clang | 1.4.2 | 997.55 | OK | |||
r-devel-linux-x86_64-fedora-gcc | 1.4.2 | 968.06 | OK | |||
r-devel-windows-x86_64 | 1.4.2 | 27.00 | 407.00 | 434.00 | OK | |
r-patched-linux-x86_64 | 1.4.2 | 28.79 | 522.26 | 551.05 | OK | |
r-release-linux-x86_64 | 1.4.2 | 26.31 | 531.15 | 557.46 | OK | |
r-release-macos-arm64 | 1.4.2 | 348.00 | OK | |||
r-release-macos-x86_64 | 1.4.2 | 431.00 | OK | |||
r-release-windows-x86_64 | 1.4.2 | 32.00 | 410.00 | 442.00 | OK | |
r-oldrel-macos-arm64 | 1.4.2 | 205.00 | OK | |||
r-oldrel-macos-x86_64 | 1.4.2 | 407.00 | OK | |||
r-oldrel-windows-x86_64 | 1.4.2 | 37.00 | 533.00 | 570.00 | ERROR |
Version: 1.4.2
Check: tests
Result: ERROR
Running 'testthat.R' [213s]
Running the tests in 'tests/testthat.R' failed.
Complete output:
> library(testthat)
> library(insight)
> test_check("insight")
Starting 2 test processes
[ FAIL 1 | WARN 1 | SKIP 92 | PASS 3482 ]
══ Skipped tests (92) ══════════════════════════════════════════════════════════
• On CRAN (84): 'test-GLMMadaptive.R:2:1', 'test-averaging.R:3:1',
'test-bias_correction.R:1:1', 'test-betareg.R:196:5', 'test-brms.R:1:1',
'test-brms_aterms.R:1:1', 'test-brms_gr_random_effects.R:1:1',
'test-brms_missing.R:1:1', 'test-brms_mm.R:1:1', 'test-brms_von_mises.R:1:1',
'test-blmer.R:249:3', 'test-clean_names.R:103:3',
'test-clean_parameters.R:1:1', 'test-coxme.R:7:1', 'test-cpglmm.R:145:3',
'test-clmm.R:165:3', 'test-display.R:10:3', 'test-display.R:32:3',
'test-export_table.R:4:3', 'test-export_table.R:8:3',
'test-export_table.R:106:3', 'test-export_table.R:133:3',
'test-export_table.R:164:3', 'test-export_table.R:192:3',
'test-export_table.R:204:3', 'test-export_table.R:232:3',
'test-export_table.R:292:3', 'test-export_table.R:309:3',
'test-export_table.R:372:3', 'test-find_smooth.R:31:3',
'test-find_random.R:27:3', 'test-fixest.R:2:1', 'test-format_table.R:2:1',
'test-format_table_ci.R:71:3', 'test-gam.R:2:1', 'test-get_data.R:385:1',
'test-get_loglikelihood.R:94:3', 'test-get_loglikelihood.R:159:3',
'test-get_predicted.R:2:1', 'test-get_priors.R:18:3',
'test-get_varcov.R:41:3', 'test-get_varcov.R:55:3',
'test-get_datagrid.R:717:3', 'test-get_datagrid.R:754:5',
'test-is_converged.R:28:1', 'test-iv_robust.R:120:3', 'test-lavaan.R:1:1',
'test-lme.R:34:3', 'test-lme.R:210:3', 'test-glmmTMB.R:71:3',
'test-glmmTMB.R:755:3', 'test-glmmTMB.R:787:3', 'test-glmmTMB.R:1095:3',
'test-marginaleffects.R:1:1', 'test-mgcv.R:1:1', 'test-mipo.R:1:1',
'test-mlogit.R:2:1', 'test-model_info.R:110:3', 'test-mvrstanarm.R:1:1',
'test-null_model.R:71:3', 'test-panelr-asym.R:142:3', 'test-panelr.R:272:3',
'test-phylolm.R:5:1', 'test-print_parameters.R:1:1',
'test-r2_nakagawa_bernoulli.R:1:1', 'test-r2_nakagawa_beta.R:1:1',
'test-r2_nakagawa_binomial.R:1:1', 'test-r2_nakagawa_gamma.R:1:1',
'test-r2_nakagawa_linear.R:1:1', 'test-r2_nakagawa_negbin.R:1:1',
'test-r2_nakagawa_negbin_zi.R:1:1', 'test-r2_nakagawa_ordered_beta.R:1:1',
'test-r2_nakagawa_poisson.R:1:1', 'test-r2_nakagawa_poisson_zi.R:1:1',
'test-r2_nakagawa_truncated_poisson.R:1:1', 'test-r2_nakagawa_tweedie.R:1:1',
'test-rqss.R:1:1', 'test-rstanarm.R:1:1', 'test-sdmTMB.R:1:1',
'test-selection.R:2:1', 'test-spatial.R:2:1', 'test-svylme.R:1:1',
'test-vgam.R:2:1', 'test-weightit.R:1:1'
• On Windows (1): 'test-get_priors.R:2:3'
• Package `logistf` is loaded and breaks `mmrm::mmrm()` (1): 'test-mmrm.R:4:1'
• getRversion() < "4.5.0" is TRUE (2): 'test-aov.R:2:3', 'test-dbart.R:2:1'
• works interactively (2): 'test-coxph-panel.R:34:3', 'test-coxph.R:38:3'
• {bigglm} is not installed (1): 'test-model_info.R:24:3'
• {robustlmm} cannot be loaded (1): 'test-rlmer.R:1:1'
══ Failed tests ════════════════════════════════════════════════════════════════
── Error ('test-tidymodels.R:6:1'): (code run outside of `test_that()`) ────────
Error in `inDL(x, as.logical(local), as.logical(now), ...)`: unable to load shared object 'D:/RCompile/CRANpkg/lib/4.4/sparsevctrs/libs/x64/sparsevctrs.dll':
`maximal number of DLLs reached...
Backtrace:
▆
1. ├─parsnip::fit(m, mpg ~ am + vs, data = mtcars) at test-tidymodels.R:6:1
2. ├─parsnip::fit.model_spec(m, mpg ~ am + vs, data = mtcars)
3. │ └─parsnip:::materialize_sparse_tibble(data, object, "data")
4. └─base::loadNamespace(x)
5. └─base::library.dynam(lib, package, package.lib)
6. └─base::dyn.load(file, DLLpath = DLLpath, ...)
7. └─base (local) inDL(x, as.logical(local), as.logical(now), ...)
[ FAIL 1 | WARN 1 | SKIP 92 | PASS 3482 ]
Error: Test failures
Execution halted
Flavor: r-oldrel-windows-x86_64
These binaries (installable software) and packages are in development.
They may not be fully stable and should be used with caution. We make no claims about them.
Health stats visible at Monitor.