CRAN Package Check Results for Package inpdfr

Last updated on 2025-05-07 22:48:30 CEST.

Flavor Version Tinstall Tcheck Ttotal Status Flags
r-devel-linux-x86_64-debian-clang 0.1.12 7.13 59.06 66.19 NOTE
r-devel-linux-x86_64-debian-gcc 0.1.12 4.78 43.33 48.11 NOTE
r-devel-linux-x86_64-fedora-clang 0.1.12 94.91 OK
r-devel-linux-x86_64-fedora-gcc 0.1.12 118.57 OK
r-devel-windows-x86_64 0.1.12 8.00 85.00 93.00 OK
r-patched-linux-x86_64 0.1.12 6.37 56.27 62.64 OK
r-release-linux-x86_64 0.1.12 6.25 56.58 62.83 OK
r-release-macos-arm64 0.1.12 92.00 OK
r-release-macos-x86_64 0.1.12 67.00 OK
r-release-windows-x86_64 0.1.12 8.00 87.00 95.00 OK
r-oldrel-macos-arm64 0.1.12 38.00 OK
r-oldrel-macos-x86_64 0.1.12 53.00 OK
r-oldrel-windows-x86_64 0.1.12 11.00 100.00 111.00 OK

Check Details

Version: 0.1.12
Check: CRAN incoming feasibility
Result: NOTE Maintainer: ‘Rebaudo Francois <francois.rebaudo@ird.fr>’ No Authors@R field in DESCRIPTION. Please add one, modifying Authors@R: person(given = "Rebaudo", family = "Francois", role = c("aut", "cre"), email = "francois.rebaudo@ird.fr", comment = "IRD, UMR EGCE, IRD, CNRS, Univ. ParisSaclay") as necessary. Flavors: r-devel-linux-x86_64-debian-clang, r-devel-linux-x86_64-debian-gcc

These binaries (installable software) and packages are in development.
They may not be fully stable and should be used with caution. We make no claims about them.
Health stats visible at Monitor.