Last updated on 2024-05-02 06:11:51 CEST.
Flavor | Version | Tinstall | Tcheck | Ttotal | Status | Flags |
---|---|---|---|---|---|---|
r-devel-linux-x86_64-debian-clang | 1.0.0 | 7.36 | 56.60 | 63.96 | ERROR | |
r-devel-linux-x86_64-debian-gcc | 1.0.0 | 4.93 | 43.62 | 48.55 | ERROR | |
r-devel-linux-x86_64-fedora-clang | 1.0.0 | 80.38 | ERROR | |||
r-devel-linux-x86_64-fedora-gcc | 1.0.0 | 78.54 | ERROR | |||
r-devel-windows-x86_64 | 1.0.0 | 6.00 | 486.00 | 492.00 | ERROR | |
r-patched-linux-x86_64 | 1.0.0 | 7.32 | 55.14 | 62.46 | ERROR | |
r-release-linux-x86_64 | 1.0.0 | 5.10 | 55.34 | 60.44 | ERROR | |
r-release-macos-arm64 | 1.0.0 | 108.00 | OK | |||
r-release-macos-x86_64 | 1.0.0 | 185.00 | OK | |||
r-release-windows-x86_64 | 1.0.0 | 8.00 | 486.00 | 494.00 | ERROR | |
r-oldrel-macos-arm64 | 1.0.0 | 108.00 | OK | |||
r-oldrel-macos-x86_64 | 1.0.0 | 287.00 | OK | |||
r-oldrel-windows-x86_64 | 1.0.0 | 8.00 | 490.00 | 498.00 | ERROR |
Version: 1.0.0
Check: examples
Result: ERROR
Running examples in ‘infoelectoral-Ex.R’ failed
The error most likely occurred in:
> base::assign(".ptime", proc.time(), pos = "CheckExEnv")
> ### Name: candidatos
> ### Title: Download candidate data
> ### Aliases: candidatos
>
> ### ** Examples
>
> data <- candidatos(tipo_eleccion = "senado", anno = "2004",
+ mes = "03", nivel = "municipio")
trying URL 'https://infoelectoral.interior.gob.es/estaticos/docxl/apliextr/03200403_MUNI.zip'
Warning in download.file(url, temp, mode = "wb") :
URL 'https://infoelectoral.interior.gob.es/estaticos/docxl/apliextr/03200403_MUNI.zip': Timeout of 60 seconds was reached
Error in download.file(url, temp, mode = "wb") :
cannot open URL 'https://infoelectoral.interior.gob.es/estaticos/docxl/apliextr/03200403_MUNI.zip'
Calls: candidatos ... candidatos_senado -> senado_municipios -> download.file
Execution halted
Flavors: r-devel-linux-x86_64-debian-clang, r-devel-linux-x86_64-debian-gcc, r-patched-linux-x86_64, r-release-linux-x86_64
Version: 1.0.0
Check: tests
Result: ERROR
Running ‘testthat.R’ [3s/244s]
Running the tests in ‘tests/testthat.R’ failed.
Complete output:
> # This file is part of the standard setup for testthat.
> # It is recommended that you do not modify it.
> #
> # Where should you do additional test configuration?
> # Learn more about the roles of various files in:
> # * https://r-pkgs.org/testing-design.html#sec-tests-files-overview
> # * https://testthat.r-lib.org/articles/special-files.html
>
> library(testthat)
> library(infoelectoral)
>
> test_check("infoelectoral")
Attaching package: 'dplyr'
The following object is masked from 'package:testthat':
matches
The following objects are masked from 'package:stats':
filter, lag
The following objects are masked from 'package:base':
intersect, setdiff, setequal, union
trying URL 'https://infoelectoral.interior.gob.es/estaticos/docxl/apliextr/03202307_MUNI.zip'
trying URL 'https://infoelectoral.interior.gob.es/estaticos/docxl/apliextr/02202307_MESA.zip'
trying URL 'https://infoelectoral.interior.gob.es/estaticos/docxl/apliextr/02202307_MUNI.zip'
trying URL 'https://infoelectoral.interior.gob.es/estaticos/docxl/apliextr/02202307_TOTA.zip'
[ FAIL 4 | WARN 4 | SKIP 0 | PASS 0 ]
══ Failed tests ════════════════════════════════════════════════════════════════
── Error ('test-candidatos.R:9:1'): (code run outside of `test_that()`) ────────
Error in `download.file(url, temp, mode = "wb")`: cannot open URL 'https://infoelectoral.interior.gob.es/estaticos/docxl/apliextr/03202307_MUNI.zip'
Backtrace:
▆
1. ├─... %>% filter(codigo_provincia != "99") at test-candidatos.R:9:1
2. ├─dplyr::filter(., codigo_provincia != "99")
3. └─infoelectoral::candidatos("senado", x$anno, x$mes, nivel = "municipio")
4. └─infoelectoral:::candidatos_senado(anno, mes, nivel)
5. └─infoelectoral:::senado_municipios(anno, mes)
6. └─utils::download.file(url, temp, mode = "wb")
── Error ('test-mesas.R:9:1'): (code run outside of `test_that()`) ─────────────
Error in `download.file(url, temp, mode = "wb")`: cannot open URL 'https://infoelectoral.interior.gob.es/estaticos/docxl/apliextr/02202307_MESA.zip'
Backtrace:
▆
1. ├─mesas("congreso", x$anno, x$mes) %>% ... at test-mesas.R:9:1
2. ├─dplyr::filter(., codigo_provincia != "99")
3. └─infoelectoral::mesas("congreso", x$anno, x$mes)
4. └─utils::download.file(url, temp, mode = "wb")
── Error ('test-municipios.R:9:1'): (code run outside of `test_that()`) ────────
Error in `download.file(url, temp, mode = "wb")`: cannot open URL 'https://infoelectoral.interior.gob.es/estaticos/docxl/apliextr/02202307_MUNI.zip'
Backtrace:
▆
1. ├─municipios("congreso", x$anno, x$mes) %>% ... at test-municipios.R:9:1
2. ├─dplyr::filter(., codigo_provincia != "99")
3. └─infoelectoral::municipios("congreso", x$anno, x$mes)
4. └─utils::download.file(url, temp, mode = "wb")
── Error ('test-provincias.R:9:1'): (code run outside of `test_that()`) ────────
Error in `download.file(url, temp, mode = "wb")`: cannot open URL 'https://infoelectoral.interior.gob.es/estaticos/docxl/apliextr/02202307_TOTA.zip'
Backtrace:
▆
1. ├─provincias("congreso", x$anno, x$mes) %>% ... at test-provincias.R:9:1
2. ├─dplyr::filter(., codigo_provincia != "99")
3. └─infoelectoral::provincias("congreso", x$anno, x$mes)
4. └─utils::download.file(url, temp, mode = "wb")
[ FAIL 4 | WARN 4 | SKIP 0 | PASS 0 ]
Error: Test failures
Execution halted
Flavors: r-devel-linux-x86_64-debian-clang, r-patched-linux-x86_64, r-release-linux-x86_64
Version: 1.0.0
Check: re-building of vignette outputs
Result: ERROR
Error(s) in re-building vignettes:
...
--- re-building ‘infoelectoral.Rmd’ using rmarkdown
trying URL 'https://infoelectoral.interior.gob.es/estaticos/docxl/apliextr/02198210_MUNI.zip'
Quitting from lines at lines 17-21 [unnamed-chunk-1] (infoelectoral.Rmd)
Error: processing vignette 'infoelectoral.Rmd' failed with diagnostics:
cannot open URL 'https://infoelectoral.interior.gob.es/estaticos/docxl/apliextr/02198210_MUNI.zip'
--- failed re-building ‘infoelectoral.Rmd’
--- re-building ‘municipios.Rmd’ using rmarkdown
trying URL 'https://infoelectoral.interior.gob.es/estaticos/docxl/apliextr/02201512_MUNI.zip'
Quitting from lines at lines 32-35 [unnamed-chunk-2] (municipios.Rmd)
Error: processing vignette 'municipios.Rmd' failed with diagnostics:
cannot open URL 'https://infoelectoral.interior.gob.es/estaticos/docxl/apliextr/02201512_MUNI.zip'
--- failed re-building ‘municipios.Rmd’
SUMMARY: processing the following files failed:
‘infoelectoral.Rmd’ ‘municipios.Rmd’
Error: Vignette re-building failed.
Execution halted
Flavors: r-devel-linux-x86_64-debian-clang, r-devel-linux-x86_64-debian-gcc, r-patched-linux-x86_64, r-release-linux-x86_64
Version: 1.0.0
Check: tests
Result: ERROR
Running ‘testthat.R’ [2s/244s]
Running the tests in ‘tests/testthat.R’ failed.
Complete output:
> # This file is part of the standard setup for testthat.
> # It is recommended that you do not modify it.
> #
> # Where should you do additional test configuration?
> # Learn more about the roles of various files in:
> # * https://r-pkgs.org/testing-design.html#sec-tests-files-overview
> # * https://testthat.r-lib.org/articles/special-files.html
>
> library(testthat)
> library(infoelectoral)
>
> test_check("infoelectoral")
Attaching package: 'dplyr'
The following object is masked from 'package:testthat':
matches
The following objects are masked from 'package:stats':
filter, lag
The following objects are masked from 'package:base':
intersect, setdiff, setequal, union
trying URL 'https://infoelectoral.interior.gob.es/estaticos/docxl/apliextr/03202307_MUNI.zip'
trying URL 'https://infoelectoral.interior.gob.es/estaticos/docxl/apliextr/02202307_MESA.zip'
trying URL 'https://infoelectoral.interior.gob.es/estaticos/docxl/apliextr/02202307_MUNI.zip'
trying URL 'https://infoelectoral.interior.gob.es/estaticos/docxl/apliextr/02202307_TOTA.zip'
[ FAIL 4 | WARN 4 | SKIP 0 | PASS 0 ]
══ Failed tests ════════════════════════════════════════════════════════════════
── Error ('test-candidatos.R:9:1'): (code run outside of `test_that()`) ────────
Error in `download.file(url, temp, mode = "wb")`: cannot open URL 'https://infoelectoral.interior.gob.es/estaticos/docxl/apliextr/03202307_MUNI.zip'
Backtrace:
▆
1. ├─... %>% filter(codigo_provincia != "99") at test-candidatos.R:9:1
2. ├─dplyr::filter(., codigo_provincia != "99")
3. └─infoelectoral::candidatos("senado", x$anno, x$mes, nivel = "municipio")
4. └─infoelectoral:::candidatos_senado(anno, mes, nivel)
5. └─infoelectoral:::senado_municipios(anno, mes)
6. └─utils::download.file(url, temp, mode = "wb")
── Error ('test-mesas.R:9:1'): (code run outside of `test_that()`) ─────────────
Error in `download.file(url, temp, mode = "wb")`: cannot open URL 'https://infoelectoral.interior.gob.es/estaticos/docxl/apliextr/02202307_MESA.zip'
Backtrace:
▆
1. ├─mesas("congreso", x$anno, x$mes) %>% ... at test-mesas.R:9:1
2. ├─dplyr::filter(., codigo_provincia != "99")
3. └─infoelectoral::mesas("congreso", x$anno, x$mes)
4. └─utils::download.file(url, temp, mode = "wb")
── Error ('test-municipios.R:9:1'): (code run outside of `test_that()`) ────────
Error in `download.file(url, temp, mode = "wb")`: cannot open URL 'https://infoelectoral.interior.gob.es/estaticos/docxl/apliextr/02202307_MUNI.zip'
Backtrace:
▆
1. ├─municipios("congreso", x$anno, x$mes) %>% ... at test-municipios.R:9:1
2. ├─dplyr::filter(., codigo_provincia != "99")
3. └─infoelectoral::municipios("congreso", x$anno, x$mes)
4. └─utils::download.file(url, temp, mode = "wb")
── Error ('test-provincias.R:9:1'): (code run outside of `test_that()`) ────────
Error in `download.file(url, temp, mode = "wb")`: cannot open URL 'https://infoelectoral.interior.gob.es/estaticos/docxl/apliextr/02202307_TOTA.zip'
Backtrace:
▆
1. ├─provincias("congreso", x$anno, x$mes) %>% ... at test-provincias.R:9:1
2. ├─dplyr::filter(., codigo_provincia != "99")
3. └─infoelectoral::provincias("congreso", x$anno, x$mes)
4. └─utils::download.file(url, temp, mode = "wb")
[ FAIL 4 | WARN 4 | SKIP 0 | PASS 0 ]
Error: Test failures
Execution halted
Flavor: r-devel-linux-x86_64-debian-gcc
Version: 1.0.0
Check: data for non-ASCII characters
Result: NOTE
Note: found 2139 marked UTF-8 strings
Flavors: r-devel-linux-x86_64-fedora-clang, r-devel-linux-x86_64-fedora-gcc
Version: 1.0.0
Check: examples
Result: ERROR
Running examples in ‘infoelectoral-Ex.R’ failed
The error most likely occurred in:
> ### Name: candidatos
> ### Title: Download candidate data
> ### Aliases: candidatos
>
> ### ** Examples
>
> data <- candidatos(tipo_eleccion = "senado", anno = "2004",
+ mes = "03", nivel = "municipio")
trying URL 'https://infoelectoral.interior.gob.es/estaticos/docxl/apliextr/03200403_MUNI.zip'
Warning in download.file(url, temp, mode = "wb") :
URL 'https://infoelectoral.interior.gob.es/estaticos/docxl/apliextr/03200403_MUNI.zip': Timeout of 60 seconds was reached
Error in download.file(url, temp, mode = "wb") :
cannot open URL 'https://infoelectoral.interior.gob.es/estaticos/docxl/apliextr/03200403_MUNI.zip'
Calls: candidatos ... candidatos_senado -> senado_municipios -> download.file
Execution halted
Flavors: r-devel-linux-x86_64-fedora-clang, r-devel-linux-x86_64-fedora-gcc, r-devel-windows-x86_64, r-release-windows-x86_64, r-oldrel-windows-x86_64
Version: 1.0.0
Check: tests
Result: ERROR
Running ‘testthat.R’ [4s/245s]
Running the tests in ‘tests/testthat.R’ failed.
Complete output:
> # This file is part of the standard setup for testthat.
> # It is recommended that you do not modify it.
> #
> # Where should you do additional test configuration?
> # Learn more about the roles of various files in:
> # * https://r-pkgs.org/testing-design.html#sec-tests-files-overview
> # * https://testthat.r-lib.org/articles/special-files.html
>
> library(testthat)
> library(infoelectoral)
>
> test_check("infoelectoral")
Attaching package: 'dplyr'
The following object is masked from 'package:testthat':
matches
The following objects are masked from 'package:stats':
filter, lag
The following objects are masked from 'package:base':
intersect, setdiff, setequal, union
trying URL 'https://infoelectoral.interior.gob.es/estaticos/docxl/apliextr/03202307_MUNI.zip'
trying URL 'https://infoelectoral.interior.gob.es/estaticos/docxl/apliextr/02202307_MESA.zip'
trying URL 'https://infoelectoral.interior.gob.es/estaticos/docxl/apliextr/02202307_MUNI.zip'
trying URL 'https://infoelectoral.interior.gob.es/estaticos/docxl/apliextr/02202307_TOTA.zip'
[ FAIL 4 | WARN 4 | SKIP 0 | PASS 0 ]
══ Failed tests ════════════════════════════════════════════════════════════════
── Error ('test-candidatos.R:9:1'): (code run outside of `test_that()`) ────────
Error in `download.file(url, temp, mode = "wb")`: cannot open URL 'https://infoelectoral.interior.gob.es/estaticos/docxl/apliextr/03202307_MUNI.zip'
Backtrace:
▆
1. ├─... %>% filter(codigo_provincia != "99") at test-candidatos.R:9:1
2. ├─dplyr::filter(., codigo_provincia != "99")
3. └─infoelectoral::candidatos("senado", x$anno, x$mes, nivel = "municipio")
4. └─infoelectoral:::candidatos_senado(anno, mes, nivel)
5. └─infoelectoral:::senado_municipios(anno, mes)
6. └─utils::download.file(url, temp, mode = "wb")
── Error ('test-mesas.R:9:1'): (code run outside of `test_that()`) ─────────────
Error in `download.file(url, temp, mode = "wb")`: cannot open URL 'https://infoelectoral.interior.gob.es/estaticos/docxl/apliextr/02202307_MESA.zip'
Backtrace:
▆
1. ├─mesas("congreso", x$anno, x$mes) %>% ... at test-mesas.R:9:1
2. ├─dplyr::filter(., codigo_provincia != "99")
3. └─infoelectoral::mesas("congreso", x$anno, x$mes)
4. └─utils::download.file(url, temp, mode = "wb")
── Error ('test-municipios.R:9:1'): (code run outside of `test_that()`) ────────
Error in `download.file(url, temp, mode = "wb")`: cannot open URL 'https://infoelectoral.interior.gob.es/estaticos/docxl/apliextr/02202307_MUNI.zip'
Backtrace:
▆
1. ├─municipios("congreso", x$anno, x$mes) %>% ... at test-municipios.R:9:1
2. ├─dplyr::filter(., codigo_provincia != "99")
3. └─infoelectoral::municipios("congreso", x$anno, x$mes)
4. └─utils::download.file(url, temp, mode = "wb")
── Error ('test-provincias.R:9:1'): (code run outside of `test_that()`) ────────
Error in `download.file(url, temp, mode = "wb")`: cannot open URL 'https://infoelectoral.interior.gob.es/estaticos/docxl/apliextr/02202307_TOTA.zip'
Backtrace:
▆
1. ├─provincias("congreso", x$anno, x$mes) %>% ... at test-provincias.R:9:1
2. ├─dplyr::filter(., codigo_provincia != "99")
3. └─infoelectoral::provincias("congreso", x$anno, x$mes)
4. └─utils::download.file(url, temp, mode = "wb")
[ FAIL 4 | WARN 4 | SKIP 0 | PASS 0 ]
Error: Test failures
Execution halted
Flavor: r-devel-linux-x86_64-fedora-clang
Version: 1.0.0
Check: re-building of vignette outputs
Result: ERROR
Error(s) in re-building vignettes:
--- re-building ‘infoelectoral.Rmd’ using rmarkdown
trying URL 'https://infoelectoral.interior.gob.es/estaticos/docxl/apliextr/02198210_MUNI.zip'
Quitting from lines at lines 17-21 [unnamed-chunk-1] (infoelectoral.Rmd)
Error: processing vignette 'infoelectoral.Rmd' failed with diagnostics:
cannot open URL 'https://infoelectoral.interior.gob.es/estaticos/docxl/apliextr/02198210_MUNI.zip'
--- failed re-building ‘infoelectoral.Rmd’
--- re-building ‘municipios.Rmd’ using rmarkdown
trying URL 'https://infoelectoral.interior.gob.es/estaticos/docxl/apliextr/02201512_MUNI.zip'
Quitting from lines at lines 32-35 [unnamed-chunk-2] (municipios.Rmd)
Error: processing vignette 'municipios.Rmd' failed with diagnostics:
cannot open URL 'https://infoelectoral.interior.gob.es/estaticos/docxl/apliextr/02201512_MUNI.zip'
--- failed re-building ‘municipios.Rmd’
SUMMARY: processing the following files failed:
‘infoelectoral.Rmd’ ‘municipios.Rmd’
Error: Vignette re-building failed.
Execution halted
Flavors: r-devel-linux-x86_64-fedora-clang, r-devel-linux-x86_64-fedora-gcc, r-devel-windows-x86_64, r-release-windows-x86_64, r-oldrel-windows-x86_64
Version: 1.0.0
Check: tests
Result: ERROR
Running ‘testthat.R’ [3s/243s]
Running the tests in ‘tests/testthat.R’ failed.
Complete output:
> # This file is part of the standard setup for testthat.
> # It is recommended that you do not modify it.
> #
> # Where should you do additional test configuration?
> # Learn more about the roles of various files in:
> # * https://r-pkgs.org/testing-design.html#sec-tests-files-overview
> # * https://testthat.r-lib.org/articles/special-files.html
>
> library(testthat)
> library(infoelectoral)
>
> test_check("infoelectoral")
Attaching package: 'dplyr'
The following object is masked from 'package:testthat':
matches
The following objects are masked from 'package:stats':
filter, lag
The following objects are masked from 'package:base':
intersect, setdiff, setequal, union
trying URL 'https://infoelectoral.interior.gob.es/estaticos/docxl/apliextr/03202307_MUNI.zip'
trying URL 'https://infoelectoral.interior.gob.es/estaticos/docxl/apliextr/02202307_MESA.zip'
trying URL 'https://infoelectoral.interior.gob.es/estaticos/docxl/apliextr/02202307_MUNI.zip'
trying URL 'https://infoelectoral.interior.gob.es/estaticos/docxl/apliextr/02202307_TOTA.zip'
[ FAIL 4 | WARN 4 | SKIP 0 | PASS 0 ]
══ Failed tests ════════════════════════════════════════════════════════════════
── Error ('test-candidatos.R:9:1'): (code run outside of `test_that()`) ────────
Error in `download.file(url, temp, mode = "wb")`: cannot open URL 'https://infoelectoral.interior.gob.es/estaticos/docxl/apliextr/03202307_MUNI.zip'
Backtrace:
▆
1. ├─... %>% filter(codigo_provincia != "99") at test-candidatos.R:9:1
2. ├─dplyr::filter(., codigo_provincia != "99")
3. └─infoelectoral::candidatos("senado", x$anno, x$mes, nivel = "municipio")
4. └─infoelectoral:::candidatos_senado(anno, mes, nivel)
5. └─infoelectoral:::senado_municipios(anno, mes)
6. └─utils::download.file(url, temp, mode = "wb")
── Error ('test-mesas.R:9:1'): (code run outside of `test_that()`) ─────────────
Error in `download.file(url, temp, mode = "wb")`: cannot open URL 'https://infoelectoral.interior.gob.es/estaticos/docxl/apliextr/02202307_MESA.zip'
Backtrace:
▆
1. ├─mesas("congreso", x$anno, x$mes) %>% ... at test-mesas.R:9:1
2. ├─dplyr::filter(., codigo_provincia != "99")
3. └─infoelectoral::mesas("congreso", x$anno, x$mes)
4. └─utils::download.file(url, temp, mode = "wb")
── Error ('test-municipios.R:9:1'): (code run outside of `test_that()`) ────────
Error in `download.file(url, temp, mode = "wb")`: cannot open URL 'https://infoelectoral.interior.gob.es/estaticos/docxl/apliextr/02202307_MUNI.zip'
Backtrace:
▆
1. ├─municipios("congreso", x$anno, x$mes) %>% ... at test-municipios.R:9:1
2. ├─dplyr::filter(., codigo_provincia != "99")
3. └─infoelectoral::municipios("congreso", x$anno, x$mes)
4. └─utils::download.file(url, temp, mode = "wb")
── Error ('test-provincias.R:9:1'): (code run outside of `test_that()`) ────────
Error in `download.file(url, temp, mode = "wb")`: cannot open URL 'https://infoelectoral.interior.gob.es/estaticos/docxl/apliextr/02202307_TOTA.zip'
Backtrace:
▆
1. ├─provincias("congreso", x$anno, x$mes) %>% ... at test-provincias.R:9:1
2. ├─dplyr::filter(., codigo_provincia != "99")
3. └─infoelectoral::provincias("congreso", x$anno, x$mes)
4. └─utils::download.file(url, temp, mode = "wb")
[ FAIL 4 | WARN 4 | SKIP 0 | PASS 0 ]
Error: Test failures
Execution halted
Flavor: r-devel-linux-x86_64-fedora-gcc
Version: 1.0.0
Check: tests
Result: ERROR
Running 'testthat.R' [242s]
Running the tests in 'tests/testthat.R' failed.
Complete output:
> # This file is part of the standard setup for testthat.
> # It is recommended that you do not modify it.
> #
> # Where should you do additional test configuration?
> # Learn more about the roles of various files in:
> # * https://r-pkgs.org/testing-design.html#sec-tests-files-overview
> # * https://testthat.r-lib.org/articles/special-files.html
>
> library(testthat)
> library(infoelectoral)
>
> test_check("infoelectoral")
Attaching package: 'dplyr'
The following object is masked from 'package:testthat':
matches
The following objects are masked from 'package:stats':
filter, lag
The following objects are masked from 'package:base':
intersect, setdiff, setequal, union
trying URL 'https://infoelectoral.interior.gob.es/estaticos/docxl/apliextr/03202307_MUNI.zip'
trying URL 'https://infoelectoral.interior.gob.es/estaticos/docxl/apliextr/02202307_MESA.zip'
trying URL 'https://infoelectoral.interior.gob.es/estaticos/docxl/apliextr/02202307_MUNI.zip'
trying URL 'https://infoelectoral.interior.gob.es/estaticos/docxl/apliextr/02202307_TOTA.zip'
[ FAIL 4 | WARN 4 | SKIP 0 | PASS 0 ]
══ Failed tests ════════════════════════════════════════════════════════════════
── Error ('test-candidatos.R:9:1'): (code run outside of `test_that()`) ────────
Error in `download.file(url, temp, mode = "wb")`: cannot open URL 'https://infoelectoral.interior.gob.es/estaticos/docxl/apliextr/03202307_MUNI.zip'
Backtrace:
▆
1. ├─... %>% filter(codigo_provincia != "99") at test-candidatos.R:9:1
2. ├─dplyr::filter(., codigo_provincia != "99")
3. └─infoelectoral::candidatos("senado", x$anno, x$mes, nivel = "municipio")
4. └─infoelectoral:::candidatos_senado(anno, mes, nivel)
5. └─infoelectoral:::senado_municipios(anno, mes)
6. └─utils::download.file(url, temp, mode = "wb")
── Error ('test-mesas.R:9:1'): (code run outside of `test_that()`) ─────────────
Error in `download.file(url, temp, mode = "wb")`: cannot open URL 'https://infoelectoral.interior.gob.es/estaticos/docxl/apliextr/02202307_MESA.zip'
Backtrace:
▆
1. ├─mesas("congreso", x$anno, x$mes) %>% ... at test-mesas.R:9:1
2. ├─dplyr::filter(., codigo_provincia != "99")
3. └─infoelectoral::mesas("congreso", x$anno, x$mes)
4. └─utils::download.file(url, temp, mode = "wb")
── Error ('test-municipios.R:9:1'): (code run outside of `test_that()`) ────────
Error in `download.file(url, temp, mode = "wb")`: cannot open URL 'https://infoelectoral.interior.gob.es/estaticos/docxl/apliextr/02202307_MUNI.zip'
Backtrace:
▆
1. ├─municipios("congreso", x$anno, x$mes) %>% ... at test-municipios.R:9:1
2. ├─dplyr::filter(., codigo_provincia != "99")
3. └─infoelectoral::municipios("congreso", x$anno, x$mes)
4. └─utils::download.file(url, temp, mode = "wb")
── Error ('test-provincias.R:9:1'): (code run outside of `test_that()`) ────────
Error in `download.file(url, temp, mode = "wb")`: cannot open URL 'https://infoelectoral.interior.gob.es/estaticos/docxl/apliextr/02202307_TOTA.zip'
Backtrace:
▆
1. ├─provincias("congreso", x$anno, x$mes) %>% ... at test-provincias.R:9:1
2. ├─dplyr::filter(., codigo_provincia != "99")
3. └─infoelectoral::provincias("congreso", x$anno, x$mes)
4. └─utils::download.file(url, temp, mode = "wb")
[ FAIL 4 | WARN 4 | SKIP 0 | PASS 0 ]
Error: Test failures
Execution halted
Flavors: r-devel-windows-x86_64, r-release-windows-x86_64
Version: 1.0.0
Check: tests
Result: ERROR
Running 'testthat.R' [243s]
Running the tests in 'tests/testthat.R' failed.
Complete output:
> # This file is part of the standard setup for testthat.
> # It is recommended that you do not modify it.
> #
> # Where should you do additional test configuration?
> # Learn more about the roles of various files in:
> # * https://r-pkgs.org/testing-design.html#sec-tests-files-overview
> # * https://testthat.r-lib.org/articles/special-files.html
>
> library(testthat)
> library(infoelectoral)
>
> test_check("infoelectoral")
Attaching package: 'dplyr'
The following object is masked from 'package:testthat':
matches
The following objects are masked from 'package:stats':
filter, lag
The following objects are masked from 'package:base':
intersect, setdiff, setequal, union
trying URL 'https://infoelectoral.interior.gob.es/estaticos/docxl/apliextr/03202307_MUNI.zip'
trying URL 'https://infoelectoral.interior.gob.es/estaticos/docxl/apliextr/02202307_MESA.zip'
trying URL 'https://infoelectoral.interior.gob.es/estaticos/docxl/apliextr/02202307_MUNI.zip'
trying URL 'https://infoelectoral.interior.gob.es/estaticos/docxl/apliextr/02202307_TOTA.zip'
[ FAIL 4 | WARN 4 | SKIP 0 | PASS 0 ]
══ Failed tests ════════════════════════════════════════════════════════════════
── Error ('test-candidatos.R:9:1'): (code run outside of `test_that()`) ────────
Error in `download.file(url, temp, mode = "wb")`: cannot open URL 'https://infoelectoral.interior.gob.es/estaticos/docxl/apliextr/03202307_MUNI.zip'
Backtrace:
▆
1. ├─... %>% filter(codigo_provincia != "99") at test-candidatos.R:9:1
2. ├─dplyr::filter(., codigo_provincia != "99")
3. └─infoelectoral::candidatos("senado", x$anno, x$mes, nivel = "municipio")
4. └─infoelectoral:::candidatos_senado(anno, mes, nivel)
5. └─infoelectoral:::senado_municipios(anno, mes)
6. └─utils::download.file(url, temp, mode = "wb")
── Error ('test-mesas.R:9:1'): (code run outside of `test_that()`) ─────────────
Error in `download.file(url, temp, mode = "wb")`: cannot open URL 'https://infoelectoral.interior.gob.es/estaticos/docxl/apliextr/02202307_MESA.zip'
Backtrace:
▆
1. ├─mesas("congreso", x$anno, x$mes) %>% ... at test-mesas.R:9:1
2. ├─dplyr::filter(., codigo_provincia != "99")
3. └─infoelectoral::mesas("congreso", x$anno, x$mes)
4. └─utils::download.file(url, temp, mode = "wb")
── Error ('test-municipios.R:9:1'): (code run outside of `test_that()`) ────────
Error in `download.file(url, temp, mode = "wb")`: cannot open URL 'https://infoelectoral.interior.gob.es/estaticos/docxl/apliextr/02202307_MUNI.zip'
Backtrace:
▆
1. ├─municipios("congreso", x$anno, x$mes) %>% ... at test-municipios.R:9:1
2. ├─dplyr::filter(., codigo_provincia != "99")
3. └─infoelectoral::municipios("congreso", x$anno, x$mes)
4. └─utils::download.file(url, temp, mode = "wb")
── Error ('test-provincias.R:9:1'): (code run outside of `test_that()`) ────────
Error in `download.file(url, temp, mode = "wb")`: cannot open URL 'https://infoelectoral.interior.gob.es/estaticos/docxl/apliextr/02202307_TOTA.zip'
Backtrace:
▆
1. ├─provincias("congreso", x$anno, x$mes) %>% ... at test-provincias.R:9:1
2. ├─dplyr::filter(., codigo_provincia != "99")
3. └─infoelectoral::provincias("congreso", x$anno, x$mes)
4. └─utils::download.file(url, temp, mode = "wb")
[ FAIL 4 | WARN 4 | SKIP 0 | PASS 0 ]
Error: Test failures
Execution halted
Flavor: r-oldrel-windows-x86_64
These binaries (installable software) and packages are in development.
They may not be fully stable and should be used with caution. We make no claims about them.
Health stats visible at Monitor.