Last updated on 2025-02-23 19:51:07 CET.
Flavor | Version | Tinstall | Tcheck | Ttotal | Status | Flags |
---|---|---|---|---|---|---|
r-devel-linux-x86_64-debian-clang | 1.0.0 | 3.72 | 1.99 | 5.71 | ERROR | |
r-devel-linux-x86_64-debian-gcc | 1.0.0 | 455.46 | 163.33 | 618.79 | NOTE | |
r-devel-linux-x86_64-fedora-clang | 1.0.0 | 9.48 | ERROR | |||
r-devel-linux-x86_64-fedora-gcc | 1.0.0 | 1424.34 | NOTE | |||
r-devel-macos-arm64 | 1.0.0 | 301.00 | OK | |||
r-devel-macos-x86_64 | 1.0.0 | 342.00 | NOTE | |||
r-devel-windows-x86_64 | 1.0.0 | 505.00 | 226.00 | 731.00 | NOTE | |
r-patched-linux-x86_64 | 1.0.0 | 603.65 | 221.76 | 825.41 | NOTE | |
r-release-linux-x86_64 | 1.0.0 | 571.29 | 218.03 | 789.32 | NOTE | |
r-release-macos-arm64 | 1.0.0 | 148.00 | NOTE | |||
r-release-macos-x86_64 | 1.0.0 | 147.00 | NOTE | |||
r-release-windows-x86_64 | 1.0.0 | 511.00 | 228.00 | 739.00 | NOTE | |
r-oldrel-macos-arm64 | 1.0.0 | 300.00 | NOTE | |||
r-oldrel-macos-x86_64 | 1.0.0 | 309.00 | NOTE | |||
r-oldrel-windows-x86_64 | 1.0.0 | 663.00 | 283.00 | 946.00 | NOTE |
Version: 1.0.0
Check: whether package can be installed
Result: ERROR
Installation failed.
Flavors: r-devel-linux-x86_64-debian-clang, r-devel-linux-x86_64-fedora-clang
Version: 1.0.0
Check: DESCRIPTION meta-information
Result: NOTE
Missing dependency on R >= 4.1.0 because package code uses the pipe
|> or function shorthand \(...) syntax added in R 4.1.0.
File(s) using such syntax:
‘blm.R’ ‘checkBaseline.R’ ‘cleaning.R’ ‘countMissing.R’
‘getStanParameter.R’ ‘logit.R’ ‘negativeBionomial.R’
Flavors: r-devel-linux-x86_64-debian-gcc, r-devel-linux-x86_64-fedora-gcc, r-devel-macos-x86_64, r-devel-windows-x86_64
Version: 1.0.0
Check: for GNU extensions in Makefiles
Result: NOTE
GNU make is a SystemRequirements.
Flavors: r-patched-linux-x86_64, r-release-linux-x86_64, r-release-macos-arm64, r-release-macos-x86_64, r-release-windows-x86_64, r-oldrel-macos-arm64, r-oldrel-macos-x86_64, r-oldrel-windows-x86_64
Version: 1.0.0
Check: installed package size
Result: NOTE
installed size is 93.2Mb
sub-directories of 1Mb or more:
libs 92.5Mb
Flavors: r-release-macos-arm64, r-release-macos-x86_64, r-release-windows-x86_64, r-oldrel-macos-arm64, r-oldrel-macos-x86_64, r-oldrel-windows-x86_64
These binaries (installable software) and packages are in development.
They may not be fully stable and should be used with caution. We make no claims about them.
Health stats visible at Monitor.