Last updated on 2025-05-03 22:49:56 CEST.
Flavor | Version | Tinstall | Tcheck | Ttotal | Status | Flags |
---|---|---|---|---|---|---|
r-devel-linux-x86_64-debian-clang | 0.8.7 | 45.83 | 172.76 | 218.59 | NOTE | |
r-devel-linux-x86_64-debian-gcc | 0.8.7 | 32.10 | 122.81 | 154.91 | NOTE | |
r-devel-linux-x86_64-fedora-clang | 0.8.7 | 355.19 | OK | |||
r-devel-linux-x86_64-fedora-gcc | 0.8.7 | 343.15 | OK | |||
r-devel-windows-x86_64 | 0.8.7 | 46.00 | 151.00 | 197.00 | OK | |
r-patched-linux-x86_64 | 0.8.7 | 42.12 | 163.30 | 205.42 | OK | |
r-release-linux-x86_64 | OK | |||||
r-release-macos-arm64 | 0.8.7 | 100.00 | OK | |||
r-release-macos-x86_64 | 0.8.7 | 179.00 | OK | |||
r-release-windows-x86_64 | 0.8.7 | 44.00 | 149.00 | 193.00 | OK | |
r-oldrel-macos-arm64 | 0.8.7 | 93.00 | NOTE | |||
r-oldrel-macos-x86_64 | 0.8.7 | 147.00 | NOTE | |||
r-oldrel-windows-x86_64 | 0.8.7 | 60.00 | 195.00 | 255.00 | NOTE |
Version: 0.8.7
Check: CRAN incoming feasibility
Result: NOTE
Maintainer: ‘Cédric R. Weber <cedric.weber@bsse.ethz.ch>’
Found the following URLs which should use \doi (with the DOI name only):
File ‘insertions_and_deletion_lengths_df.Rd’:
https://doi.org/10.1016/j.celrep.2017.04.054
File ‘length_dist_simulation.Rd’:
https://doi.org/10.1016/j.celrep.2017.04.054
File ‘list_germline_genes_allele_01.Rd’:
https://doi.org/10.1371/journal.pone.0160853
https://doi.org/10.1038/ng.3822
https://doi.org/10.1016/j.celrep.2017.04.054
https://doi.org/10.7554/eLife.22057
File ‘one_spot_df.Rd’:
https://doi.org/10.1093/bioinformatics/btx533
Flavors: r-devel-linux-x86_64-debian-clang, r-devel-linux-x86_64-debian-gcc
Version: 0.8.7
Check: installed package size
Result: NOTE
installed size is 5.2Mb
sub-directories of 1Mb or more:
R 5.1Mb
Flavors: r-oldrel-macos-arm64, r-oldrel-macos-x86_64
Version: 0.8.7
Check: LazyData
Result: NOTE
'LazyData' is specified without a 'data' directory
Flavors: r-oldrel-macos-arm64, r-oldrel-macos-x86_64, r-oldrel-windows-x86_64
These binaries (installable software) and packages are in development.
They may not be fully stable and should be used with caution. We make no claims about them.
Health stats visible at Monitor.